{"id":104,"date":"2013-01-28T09:03:23","date_gmt":"2013-01-28T07:03:23","guid":{"rendered":"http:\/\/www2086.vu.lt\/?page_id=104"},"modified":"2021-02-15T13:10:23","modified_gmt":"2021-02-15T11:10:23","slug":"dokumentai","status":"publish","type":"page","link":"http:\/\/www.basanaviciaus.vilnius.lm.lt\/?page_id=104","title":{"rendered":"Dokumentai"},"content":{"rendered":"<p><a href=\"http:\/\/www.basanaviciaus.vilnius.lm.lt\/wp-content\/uploads\/2013\/01\/Gimnazijos-nuostatai.pdf\">Gimnazijos nuostatai<\/a><\/p>\n<p>2020 &#8211; 2021 m. m.<\/p>\n<p>M\u0117nesio darbo planai<\/p>\n<table border=\"1\" cellspacing=\"1\" cellpadding=\"1\">\n<tbody>\n<tr>\n<td>Rugs\u0117jis<\/td>\n<td><a href=\"http:\/\/www.basanaviciaus.vilnius.lm.lt\/wp-content\/uploads\/2020\/11\/2020-10.pdf\">Spalis<\/a><\/td>\n<td><a href=\"http:\/\/www.basanaviciaus.vilnius.lm.lt\/wp-content\/uploads\/2020\/11\/2020-11.pdf\">Lapkritis<\/a><\/td>\n<td><a href=\"http:\/\/www.basanaviciaus.vilnius.lm.lt\/wp-content\/uploads\/2020\/12\/2020-12.pdf\">Gruodis<\/a><\/td>\n<td><a href=\"http:\/\/www.basanaviciaus.vilnius.lm.lt\/wp-content\/uploads\/2021\/01\/2021-01.pdf\">Sausis<\/a><\/td>\n<td><a href=\"http:\/\/www.basanaviciaus.vilnius.lm.lt\/wp-content\/uploads\/2021\/02\/Lankomumo-apra\u0161as-2020.11.11.pdf\">Vasaris<\/a><\/td>\n<td>Kovas<\/td>\n<td>Balandis<\/td>\n<td>Gegu\u017e\u0117<\/td>\n<td>Bir\u017eelis<\/td>\n<\/tr>\n<\/tbody>\n<\/table>\n<p><a href=\"http:\/\/www.basanaviciaus.vilnius.lm.lt\/wp-content\/uploads\/2020\/10\/2020-2021-ugdymo-plano-pakeitimai.pdf\">2020\u20132021 mokslo met\u0173 ugdymo plano pakeitimas<\/a><\/p>\n<p><a href=\"http:\/\/www.basanaviciaus.vilnius.lm.lt\/wp-content\/uploads\/2020\/05\/Ugdymo-plano-pakeitimai-\u012f-internetin\u012f.pdf\">2019\u20132020 ir 2020\u20132021 mokslo met\u0173 ugdymo plano pakeitimas<\/a><\/p>\n<p><a href=\"http:\/\/www.basanaviciaus.vilnius.lm.lt\/wp-content\/uploads\/2013\/01\/Strateginis-2019-2023-met\u0173-planas.pdf\">2019-2023\u00a0m. strateginis planas\u00a0<\/a><\/p>\n<p><a href=\"http:\/\/www.basanaviciaus.vilnius.lm.lt\/wp-content\/uploads\/2020\/03\/METINIS-Veiklos-2020-m..pdf\">2020 met\u0173 veiklos planas<\/a><\/p>\n<p><a href=\"http:\/\/www.basanaviciaus.vilnius.lm.lt\/wp-content\/uploads\/2013\/01\/JBG_metinis_2019.pdf\">2019\u00a0met\u0173 veiklos planas<\/a><\/p>\n<p><a href=\"http:\/\/www.basanaviciaus.vilnius.lm.lt\/?page_id=8852\">2019\u20132020 ir\u00a02020\u20132021 mokslo met\u0173 pagrindinio ugdymo antrosios pakopos ir vidurinio ugdymo planas<\/a><\/p>\n<p>Galiojantys dokumentai<\/p>\n<ul>\n<li><a href=\"http:\/\/www.basanaviciaus.vilnius.lm.lt\/wp-content\/uploads\/2013\/01\/JB_GIMNAZIJOS_VERTINIMO_TVARKA-2018-2019m.m..pdf\">Vertinimo\u00a0tvarka<\/a><\/li>\n<li><a href=\"http:\/\/www.basanaviciaus.vilnius.lm.lt\/wp-content\/uploads\/2013\/01\/Mokini\u0173-elgesio-taisykl\u0117s_2019.pdf\">Mokini\u0173 elgesio taisykl\u0117s<\/a><\/li>\n<li><a href=\"http:\/\/www.basanaviciaus.vilnius.lm.lt\/wp-content\/uploads\/2021\/02\/Lankomumo-apra\u0161as-2020.11.11.pdf\">Gimnazijos mokini\u0173 lankomumo tvarkos apra\u0161as<\/a><\/li>\n<li><a href=\"http:\/\/www.basanaviciaus.vilnius.lm.lt\/wp-content\/uploads\/2013\/01\/Individualios-pazangos-stebejimo-ir-isivertinimo-aprasas.pdf\">Individualios pa\u017eangos steb\u0117jimo ir \u012fsivertinimo apra\u0161as<\/a><\/li>\n<li><a href=\"http:\/\/www.basanaviciaus.vilnius.lm.lt\/wp-content\/uploads\/2013\/01\/Gimnazijos-ilgalaik%C4%97s-projektin%C4%97s-veiklos-apra%C5%A1as-2018-2019m.m..docx\">Ilgalaik\u0117s projektin\u0117s veiklos apra\u0161as<\/a><\/li>\n<li><a href=\"http:\/\/www.basanaviciaus.vilnius.lm.lt\/wp-content\/uploads\/2013\/01\/Nemokamas-maitinimas.pdf\">Informacija d\u0117l socialin\u0117s paramos mokiniams<\/a><\/li>\n<\/ul>\n<p>M\u0117nesio darbo planai<\/p>\n<table border=\"1\" cellspacing=\"1\" cellpadding=\"1\">\n<tbody>\n<tr>\n<td><a href=\"http:\/\/www.basanaviciaus.vilnius.lm.lt\/wp-content\/uploads\/2013\/01\/09.pdf\">Rugs\u0117jis<\/a><\/td>\n<td><a href=\"http:\/\/www.basanaviciaus.vilnius.lm.lt\/wp-content\/uploads\/2013\/01\/10_19-20.pdf\">Spalis<\/a><\/td>\n<td><a href=\"http:\/\/www.basanaviciaus.vilnius.lm.lt\/wp-content\/uploads\/2013\/01\/1119-20.pdf\">Lapkritis<\/a><\/td>\n<td><a href=\"http:\/\/www.basanaviciaus.vilnius.lm.lt\/wp-content\/uploads\/2013\/01\/1219-20.pdf\">Gruodis<\/a><\/td>\n<td><a href=\"http:\/\/www.basanaviciaus.vilnius.lm.lt\/wp-content\/uploads\/2020\/02\/0120.pdf\">Sausis<\/a><\/td>\n<td><a href=\"http:\/\/www.basanaviciaus.vilnius.lm.lt\/wp-content\/uploads\/2020\/03\/0219-20.pdf\">Vasaris<\/a><\/td>\n<td><a href=\"http:\/\/www.basanaviciaus.vilnius.lm.lt\/wp-content\/uploads\/2020\/03\/0319-20.pdf\">Kovas<\/a><\/td>\n<td>Balandis<\/td>\n<td>Gegu\u017e\u0117<\/td>\n<td>Bir\u017eelis<\/td>\n<\/tr>\n<\/tbody>\n<\/table>\n<hr \/>\n<p>2018 2019 m.m.<\/p>\n<p>Planavimo dokumentai<\/p>\n<table border=\"1\" cellspacing=\"1\" cellpadding=\"1\">\n<tbody>\n<tr>\n<td><a href=\"http:\/\/www.basanaviciaus.vilnius.lm.lt\/wp-content\/uploads\/2018\/03\/09.pdf\">Rugs\u0117jis<\/a><\/td>\n<td><a href=\"http:\/\/www.basanaviciaus.vilnius.lm.lt\/wp-content\/uploads\/2018\/03\/10.pdf\">Spalis<\/a><\/td>\n<td><a href=\"http:\/\/www.basanaviciaus.vilnius.lm.lt\/wp-content\/uploads\/2018\/03\/11.pdf\">Lapkritis<\/a><\/td>\n<td><a href=\"http:\/\/www.basanaviciaus.vilnius.lm.lt\/wp-content\/uploads\/2018\/03\/12_18-19.pdf\">Gruodis<\/a><\/td>\n<td><a href=\"http:\/\/www.basanaviciaus.vilnius.lm.lt\/wp-content\/uploads\/2018\/03\/01_18-19.pdf\">Sausis<\/a><\/td>\n<td><a href=\"http:\/\/www.basanaviciaus.vilnius.lm.lt\/wp-content\/uploads\/2013\/01\/02-18-19.pdf\">Vasaris<\/a><\/td>\n<td><a href=\"http:\/\/www.basanaviciaus.vilnius.lm.lt\/wp-content\/uploads\/2013\/01\/03_19.pdf\">Kovas<\/a><\/td>\n<td><a href=\"http:\/\/www.basanaviciaus.vilnius.lm.lt\/wp-content\/uploads\/2013\/01\/04_19.pdf\">Balandis<\/a><\/td>\n<td><a href=\"http:\/\/www.basanaviciaus.vilnius.lm.lt\/wp-content\/uploads\/2013\/01\/05-18-19.pdf\">Gegu\u017e\u0117<\/a><\/td>\n<td><a href=\"http:\/\/www.basanaviciaus.vilnius.lm.lt\/wp-content\/uploads\/2013\/01\/06_18-19.pdf\">Bir\u017eelis<\/a><\/td>\n<\/tr>\n<\/tbody>\n<\/table>\n<hr \/>\n<p><a href=\"http:\/\/www.basanaviciaus.vilnius.lm.lt\/wp-content\/uploads\/2013\/01\/veiklos_plano_pratesimas_2018.pdf\">2018-2019\u00a0mokslo met\u0173 veiklos planas<\/a><\/p>\n<p><a href=\"http:\/\/www.basanaviciaus.vilnius.lm.lt\/wp-content\/uploads\/2013\/01\/strategija-2015-2018.pdf\">2015-2018 m.m. strateginis planas<\/a><\/p>\n<p>2017\u00a0&#8211; 2018\u00a0m. m.<\/p>\n<hr \/>\n<p>Planavimo dokumentai<\/p>\n<table border=\"1\" cellspacing=\"1\" cellpadding=\"1\">\n<tbody>\n<tr>\n<td><\/td>\n<td><a href=\"http:\/\/www.basanaviciaus.vilnius.lm.lt\/wp-content\/uploads\/2013\/01\/10.pdf\">Spalis<\/a><\/td>\n<td><a href=\"http:\/\/www.basanaviciaus.vilnius.lm.lt\/wp-content\/uploads\/2013\/01\/11_17.pdf\">Lapkritis<\/a><\/td>\n<td><a href=\"http:\/\/www.basanaviciaus.vilnius.lm.lt\/wp-content\/uploads\/2013\/01\/12_17.pdf\">Gruodis<\/a><\/td>\n<td><a href=\"http:\/\/www.basanaviciaus.vilnius.lm.lt\/wp-content\/uploads\/2013\/01\/01.pdf\">Sausis<\/a><\/td>\n<td><a href=\"http:\/\/www.basanaviciaus.vilnius.lm.lt\/wp-content\/uploads\/2013\/01\/02.pdf\">Vasaris<\/a><\/td>\n<td><a href=\"http:\/\/www.basanaviciaus.vilnius.lm.lt\/wp-content\/uploads\/2013\/01\/3-18.pdf\">Kovas<\/a><\/td>\n<td><a href=\"http:\/\/www.basanaviciaus.vilnius.lm.lt\/wp-content\/uploads\/2013\/01\/4-18.pdf\">Balandis<\/a><\/td>\n<td><a href=\"http:\/\/www.basanaviciaus.vilnius.lm.lt\/wp-content\/uploads\/2013\/01\/5-18.pdf\">Gegu\u017e\u0117<\/a><\/td>\n<\/tr>\n<\/tbody>\n<\/table>\n<hr \/>\n<p>2017 &#8211; 2018 m. m.\u00a0<a href=\"http:\/\/www.basanaviciaus.vilnius.lm.lt\/wp-content\/uploads\/2013\/01\/tvarkarastis_17-18.pdf\">Tvarkara\u0161tis<\/a><\/p>\n<p>2017\u20132018 ir\u00a02018\u20132019 mokslo met\u0173 ugdymo planas<\/p>\n<p><a href=\"http:\/\/www.basanaviciaus.vilnius.lm.lt\/wp-content\/uploads\/2013\/01\/Veiklos_planas_2017_2018.pdf\">2017-2018 mokslo met\u0173 veiklos planas<\/a><\/p>\n<p><a href=\"http:\/\/www.basanaviciaus.vilnius.lm.lt\/wp-content\/uploads\/2013\/01\/strategija-2015-2018.pdf\">2015-2018 m.m. strateginis planas<\/a><\/p>\n<hr \/>\n<p>2016 &#8211; 2017 m. m.<\/p>\n<hr \/>\n<table border=\"1\" cellspacing=\"1\" cellpadding=\"1\">\n<tbody>\n<tr>\n<td><a href=\"http:\/\/www.basanaviciaus.vilnius.lm.lt\/wp-content\/uploads\/2013\/01\/2016_09.pdf\">Rugs\u0117jis<\/a><\/td>\n<td><a href=\"http:\/\/www.basanaviciaus.vilnius.lm.lt\/wp-content\/uploads\/2013\/01\/Spalis.pdf\">Spalis<\/a><\/td>\n<td><a href=\"http:\/\/www.basanaviciaus.vilnius.lm.lt\/wp-content\/uploads\/2013\/01\/11.pdf\">Lapkritis<\/a><\/td>\n<td><a href=\"http:\/\/www.basanaviciaus.vilnius.lm.lt\/wp-content\/uploads\/2013\/01\/12.pdf\">Gruodis<\/a><\/td>\n<td><a href=\"http:\/\/www.basanaviciaus.vilnius.lm.lt\/wp-content\/uploads\/2013\/01\/1-1.pdf\">Sausis<\/a><\/td>\n<td><a href=\"http:\/\/www.basanaviciaus.vilnius.lm.lt\/wp-content\/uploads\/2013\/01\/2.pdf\">Vasaris<\/a><\/td>\n<td><a href=\"http:\/\/www.basanaviciaus.vilnius.lm.lt\/wp-content\/uploads\/2013\/01\/3-1.pdf\">Kovas<\/a><\/td>\n<td><a href=\"http:\/\/www.basanaviciaus.vilnius.lm.lt\/wp-content\/uploads\/2013\/01\/4-1.pdf\">Balandis<\/a><\/td>\n<td><a href=\"http:\/\/www.basanaviciaus.vilnius.lm.lt\/wp-content\/uploads\/2013\/01\/5-1.pdf\">Gegu\u017e\u0117<\/a><\/td>\n<\/tr>\n<\/tbody>\n<\/table>\n<hr \/>\n<p><a href=\"http:\/\/www.basanaviciaus.vilnius.lm.lt\/wp-content\/uploads\/2013\/01\/ugdymo-plano-pakeitimas-2016-09-22.pdf\">2015 &#8211; 2017 m.m. ugdymo plano pakeitimai\u00a0<\/a><\/p>\n<p><a href=\"http:\/\/www.basanaviciaus.vilnius.lm.lt\/wp-content\/uploads\/2013\/01\/Ugdymo_planas_2016_2017.pdf\">2015 &#8211;\u00a02017 m. m.\u00a0pagrindinio ir vidurinio ugdymo program\u0173 ugdymo planai\u00a0<\/a><\/p>\n<p><a href=\"http:\/\/www.basanaviciaus.vilnius.lm.lt\/wp-content\/uploads\/2013\/01\/Ugdymo_planas_2016_2017_visas.pdf\">2016-2017 m. m. veiklos planas<\/a><\/p>\n<p><a href=\"http:\/\/www.basanaviciaus.vilnius.lm.lt\/wp-content\/uploads\/2013\/01\/strategija-2015-2018.pdf\">2015-2018 m.m. strateginis planas<\/a><\/p>\n","protected":false},"excerpt":{"rendered":"<p>Gimnazijos nuostatai 2020 &#8211; 2021 m. m. M\u0117nesio darbo planai Rugs\u0117jis Spalis Lapkritis Gruodis Sausis Vasaris Kovas Balandis Gegu\u017e\u0117 Bir\u017eelis 2020\u20132021 mokslo met\u0173 ugdymo plano pakeitimas 2019\u20132020 ir 2020\u20132021 mokslo met\u0173 ugdymo plano pakeitimas 2019-2023\u00a0m. strateginis planas\u00a0 2020 met\u0173 veiklos planas 2019\u00a0met\u0173 veiklos planas 2019\u20132020 ir\u00a02020\u20132021 mokslo met\u0173 pagrindinio ugdymo antrosios pakopos ir vidurinio ugdymo [&hellip;]<\/p>\n","protected":false},"author":1,"featured_media":0,"parent":7,"menu_order":0,"comment_status":"closed","ping_status":"closed","template":"","meta":{"footnotes":""},"class_list":["post-104","page","type-page","status-publish","hentry"],"_links":{"self":[{"href":"http:\/\/www.basanaviciaus.vilnius.lm.lt\/index.php?rest_route=\/wp\/v2\/pages\/104","targetHints":{"allow":["GET"]}}],"collection":[{"href":"http:\/\/www.basanaviciaus.vilnius.lm.lt\/index.php?rest_route=\/wp\/v2\/pages"}],"about":[{"href":"http:\/\/www.basanaviciaus.vilnius.lm.lt\/index.php?rest_route=\/wp\/v2\/types\/page"}],"author":[{"embeddable":true,"href":"http:\/\/www.basanaviciaus.vilnius.lm.lt\/index.php?rest_route=\/wp\/v2\/users\/1"}],"replies":[{"embeddable":true,"href":"http:\/\/www.basanaviciaus.vilnius.lm.lt\/index.php?rest_route=%2Fwp%2Fv2%2Fcomments&post=104"}],"version-history":[{"count":116,"href":"http:\/\/www.basanaviciaus.vilnius.lm.lt\/index.php?rest_route=\/wp\/v2\/pages\/104\/revisions"}],"predecessor-version":[{"id":18608,"href":"http:\/\/www.basanaviciaus.vilnius.lm.lt\/index.php?rest_route=\/wp\/v2\/pages\/104\/revisions\/18608"}],"up":[{"embeddable":true,"href":"http:\/\/www.basanaviciaus.vilnius.lm.lt\/index.php?rest_route=\/wp\/v2\/pages\/7"}],"wp:attachment":[{"href":"http:\/\/www.basanaviciaus.vilnius.lm.lt\/index.php?rest_route=%2Fwp%2Fv2%2Fmedia&parent=104"}],"curies":[{"name":"wp","href":"https:\/\/api.w.org\/{rel}","templated":true}]}}