{"id":12259,"date":"2019-05-31T15:04:59","date_gmt":"2019-05-31T12:04:59","guid":{"rendered":"http:\/\/www.basanaviciaus.vilnius.lm.lt\/?page_id=12259"},"modified":"2019-05-31T15:11:36","modified_gmt":"2019-05-31T12:11:36","slug":"debatai-ar-reikalinga-mazinti-seimo-nariu-skaiciu-lietuvoje-uz-ir-pries-18-19","status":"publish","type":"page","link":"http:\/\/www.basanaviciaus.vilnius.lm.lt\/?page_id=12259","title":{"rendered":"Debatai\u00a0\u201eAr reikalinga ma\u017einti Seimo nari\u0173 skai\u010di\u0173 Lietuvoje? U\u017e ir prie\u0161\u201c\u00a018-19"},"content":{"rendered":"<p>\n\t<strong><span style=\"color:#696969;\"><span style=\"font-size:14px;\"><span style=\"font-family:times new roman,times,serif;\">2019-05-29<\/span><\/span><\/span><\/strong>\n<\/p>\n<p>\n\t<span style=\"color:#696969;\"><span style=\"font-size:14px;\"><span style=\"font-family:times new roman,times,serif;\"><strong>Debatai&nbsp;&bdquo;Ar reikalinga ma\u017einti Seimo nari\u0173 skai\u010di\u0173 Lietuvoje? U\u017e ir prie&scaron;&ldquo;&nbsp;<\/strong><\/span><\/span><\/span>\n<\/p>\n<p>\n\t<span style=\"color:#696969;\"><span style=\"font-size:14px;\"><span style=\"font-family:times new roman,times,serif;\">Konstitucija nuo mokyklos suolo mus moko, jog kiekvieno pilie\u010dio teis\u0117 ir pareiga savo vali\u0105 i&scaron;reik&scaron;ti demokratiniuose rinkimuose bei referendumuose. Gegu\u017e\u0117s 12 d.&nbsp;visoje Lietuvoje ir u\u017esienio &scaron;alyse vyko Lietuvos prezidento rinkimai ir&nbsp;<strong>referendumai<\/strong>&nbsp;d\u0117l dvigubos pilietyb\u0117s i&scaron;pl\u0117timo bei Seimo nari\u0173 skai\u010diaus ma\u017einimo.<\/span><\/span><\/span>\n<\/p>\n<p>\n\t<span style=\"color:#696969;\"><span style=\"font-size:14px;\"><span style=\"font-family:times new roman,times,serif;\">Tod\u0117l &scaron;ias metais&nbsp; debat\u0173 tema pasirinkta neatsitiktinai, nes politiniame kontekste&nbsp; ji tapo aktuali.&nbsp;&nbsp;&nbsp;Debat\u0173 tem\u0105: &bdquo;Ar reikalinga ma\u017einti Seimo nari\u0173 skai\u010di\u0173 Lietuvoje? U\u017e ir prie&scaron; &ldquo;&nbsp;pasi\u016bl\u0117 ir moderavo VDU profesorius, gimnazijos tarybos pirmininkas Mindaugas Jurkynas.&nbsp;Debatuose dalyvavo ir baigiam\u0105j\u012f \u017eod\u012f&nbsp; tar\u0117&nbsp;Lietuvos &scaron;achmatinink\u0117, didmeistr\u0117, politin\u0117 veik\u0117ja, Seimo nar\u0117&nbsp;Viktorija \u010cmilyt\u0117-Nielsen.&nbsp; Mokini\u0173 debatus globoja\u016bs\u0173&nbsp;gimnazijos direktor\u0117&nbsp; Fausta Gulbinien\u0117.&nbsp;Debat\u0173 dalyviai 2-3 kl. gimnazistai.&nbsp;Renginio dalyviams Seimo nar\u0117 \u012fteik\u0117 pad\u0117kos ra&scaron;tus.&nbsp;Gimnazistams, &scaron;is tradicija tap\u0119s renginys, buvo vertinga patirtis.<\/span><\/span><\/span>\n<\/p>\n<p>\n\t<span style=\"color:#696969;\"><span style=\"font-size:14px;\"><span style=\"font-family:times new roman,times,serif;\"><style id=\"bwg-style-0\">    #bwg_container1_0 #bwg_container2_0 .bwg-container-0.bwg-standard-thumbnails {      width: 904px;              justify-content: center;        margin:0 auto !important;              background-color: rgba(255, 255, 255, 0.00);            padding-left: 4px;      padding-top: 4px;      max-width: 100%;            }        #bwg_container1_0 #bwg_container2_0 .bwg-container-0.bwg-standard-thumbnails .bwg-item {    justify-content: flex-start;      max-width: 180px;            width: 180px !important;          }    #bwg_container1_0 #bwg_container2_0 .bwg-container-0.bwg-standard-thumbnails .bwg-item a {       margin-right: 4px;       margin-bottom: 4px;    }    #bwg_container1_0 #bwg_container2_0 .bwg-container-0.bwg-standard-thumbnails .bwg-item0 {      padding: 0px;            background-color:rgba(255,255,255, 0.30);      border: 0px none #CCCCCC;      opacity: 1.00;      border-radius: 0;      box-shadow: 0px 0px 0px #888888;    }    #bwg_container1_0 #bwg_container2_0 .bwg-container-0.bwg-standard-thumbnails .bwg-item1 img {      max-height: none;      max-width: none;      padding: 0 !important;    }        @media only screen and (min-width: 480px) {      #bwg_container1_0 #bwg_container2_0 .bwg-container-0.bwg-standard-thumbnails .bwg-item0 {        transition: all 0.3s ease 0s;-webkit-transition: all 0.3s ease 0s;      }      #bwg_container1_0 #bwg_container2_0 .bwg-container-0.bwg-standard-thumbnails .bwg-item0:hover {        -ms-transform: scale(1.1);        -webkit-transform: scale(1.1);        transform: scale(1.1);      }    }          #bwg_container1_0 #bwg_container2_0 .bwg-container-0.bwg-standard-thumbnails .bwg-item1 {      padding-top: 50%;    }        #bwg_container1_0 #bwg_container2_0 .bwg-container-0.bwg-standard-thumbnails .bwg-title2,    #bwg_container1_0 #bwg_container2_0 .bwg-container-0.bwg-standard-thumbnails .bwg-ecommerce2 {      color: #CCCCCC;      font-family: segoe ui;      font-size: 16px;      font-weight: bold;      padding: 2px;      text-shadow: 0px 0px 0px #888888;      max-height: 100%;    }    #bwg_container1_0 #bwg_container2_0 .bwg-container-0.bwg-standard-thumbnails .bwg-thumb-description span {    color: #323A45;    font-family: Ubuntu;    font-size: 12px;    max-height: 100%;    word-wrap: break-word;    }    #bwg_container1_0 #bwg_container2_0 .bwg-container-0.bwg-standard-thumbnails .bwg-play-icon2 {      font-size: 32px;    }    #bwg_container1_0 #bwg_container2_0 .bwg-container-0.bwg-standard-thumbnails .bwg-ecommerce2 {      font-size: 19.2px;      color: #CCCCCC;    }    <\/style>    <div id=\"bwg_container1_0\"         class=\"bwg_container bwg_thumbnail bwg_thumbnails \"         data-right-click-protection=\"0\"         data-bwg=\"0\"         data-scroll=\"0\"         data-gallery-type=\"thumbnails\"         data-gallery-view-type=\"thumbnails\"         data-current-url=\"\/index.php?rest_route=%2Fwp%2Fv2%2Fpages%2F12259\"         data-lightbox-url=\"http:\/\/www.basanaviciaus.vilnius.lm.lt\/wp-admin\/admin-ajax.php?action=GalleryBox&#038;current_view=0&#038;gallery_id=465&#038;tag=0&#038;theme_id=1&#038;shortcode_id=939&#038;sort_by=order&#038;order_by=asc&#038;current_url=%2Findex.php%3Frest_route%3D%252Fwp%252Fv2%252Fpages%252F12259\"         data-gallery-id=\"465\"         data-popup-width=\"800\"         data-popup-height=\"500\"         data-is-album=\"gallery\"         data-buttons-position=\"bottom\">      <div id=\"bwg_container2_0\">             <div id=\"ajax_loading_0\" class=\"bwg_loading_div_1\">      <div class=\"bwg_loading_div_2\">        <div class=\"bwg_loading_div_3\">          <div id=\"loading_div_0\" class=\"bwg_spider_ajax_loading\">          <\/div>        <\/div>      <\/div>    <\/div>            <form id=\"gal_front_form_0\"              class=\"bwg-hidden\"              method=\"post\"              action=\"#\"              data-current=\"0\"              data-shortcode-id=\"939\"              data-gallery-type=\"thumbnails\"              data-gallery-id=\"465\"              data-tag=\"0\"              data-album-id=\"0\"              data-theme-id=\"1\"              data-ajax-url=\"http:\/\/www.basanaviciaus.vilnius.lm.lt\/wp-admin\/admin-ajax.php?action=bwg_frontend_data\">          <div id=\"bwg_container3_0\" class=\"bwg-background bwg-background-0\">                <div data-max-count=\"5\"         data-thumbnail-width=\"180\"         data-bwg=\"0\"         data-gallery-id=\"465\"         data-lightbox-url=\"http:\/\/www.basanaviciaus.vilnius.lm.lt\/wp-admin\/admin-ajax.php?action=GalleryBox&amp;current_view=0&amp;gallery_id=465&amp;tag=0&amp;theme_id=1&amp;shortcode_id=939&amp;sort_by=order&amp;order_by=asc&amp;current_url=%2Findex.php%3Frest_route%3D%252Fwp%252Fv2%252Fpages%252F12259\"         id=\"bwg_thumbnails_0\"         class=\"bwg-container-0 bwg-thumbnails bwg-standard-thumbnails bwg-container bwg-border-box\">            <div class=\"bwg-item\">        <a class=\"bwg-a  bwg_lightbox\"  data-image-id=\"3455\" href=\"http:\/\/www.basanaviciaus.vilnius.lm.lt\/wp-content\/uploads\/photo-gallery\/Debatai_\u201eAr_reikalinga_ma\u017einti_Seimo_nari\u0173_skai\u010di\u0173_Lietuvoje_U\u017e_ir_prie\u0161\u201c_18-19\/1.jpg?bwg=1559304436\" data-elementor-open-lightbox=\"no\">                <div class=\"bwg-item0 \">          <div class=\"bwg-item1 \">            <div class=\"bwg-item2\">              <img decoding=\"async\" class=\"skip-lazy bwg_standart_thumb_img_0 \"                   data-id=\"3455\"                   data-width=\"\"                   data-height=\"\"                   data-src=\"http:\/\/www.basanaviciaus.vilnius.lm.lt\/wp-content\/uploads\/photo-gallery\/Debatai_\u201eAr_reikalinga_ma\u017einti_Seimo_nari\u0173_skai\u010di\u0173_Lietuvoje_U\u017e_ir_prie\u0161\u201c_18-19\/thumb\/1.jpg?bwg=1559304436\"                   src=\"http:\/\/www.basanaviciaus.vilnius.lm.lt\/wp-content\/uploads\/photo-gallery\/Debatai_\u201eAr_reikalinga_ma\u017einti_Seimo_nari\u0173_skai\u010di\u0173_Lietuvoje_U\u017e_ir_prie\u0161\u201c_18-19\/thumb\/1.jpg?bwg=1559304436\"                   alt=\"1\"                   title=\"1\" \/>            <\/div>            <div class=\"\">                                                      <\/div>          <\/div>        <\/div>                        <\/a>              <\/div>            <div class=\"bwg-item\">        <a class=\"bwg-a  bwg_lightbox\"  data-image-id=\"3454\" href=\"http:\/\/www.basanaviciaus.vilnius.lm.lt\/wp-content\/uploads\/photo-gallery\/Debatai_\u201eAr_reikalinga_ma\u017einti_Seimo_nari\u0173_skai\u010di\u0173_Lietuvoje_U\u017e_ir_prie\u0161\u201c_18-19\/6.jpg?bwg=1559304436\" data-elementor-open-lightbox=\"no\">                <div class=\"bwg-item0 \">          <div class=\"bwg-item1 \">            <div class=\"bwg-item2\">              <img decoding=\"async\" class=\"skip-lazy bwg_standart_thumb_img_0 \"                   data-id=\"3454\"                   data-width=\"\"                   data-height=\"\"                   data-src=\"http:\/\/www.basanaviciaus.vilnius.lm.lt\/wp-content\/uploads\/photo-gallery\/Debatai_\u201eAr_reikalinga_ma\u017einti_Seimo_nari\u0173_skai\u010di\u0173_Lietuvoje_U\u017e_ir_prie\u0161\u201c_18-19\/thumb\/6.jpg?bwg=1559304436\"                   src=\"http:\/\/www.basanaviciaus.vilnius.lm.lt\/wp-content\/uploads\/photo-gallery\/Debatai_\u201eAr_reikalinga_ma\u017einti_Seimo_nari\u0173_skai\u010di\u0173_Lietuvoje_U\u017e_ir_prie\u0161\u201c_18-19\/thumb\/6.jpg?bwg=1559304436\"                   alt=\"6\"                   title=\"6\" \/>            <\/div>            <div class=\"\">                                                      <\/div>          <\/div>        <\/div>                        <\/a>              <\/div>            <div class=\"bwg-item\">        <a class=\"bwg-a  bwg_lightbox\"  data-image-id=\"3453\" href=\"http:\/\/www.basanaviciaus.vilnius.lm.lt\/wp-content\/uploads\/photo-gallery\/Debatai_\u201eAr_reikalinga_ma\u017einti_Seimo_nari\u0173_skai\u010di\u0173_Lietuvoje_U\u017e_ir_prie\u0161\u201c_18-19\/3.jpg?bwg=1559304436\" data-elementor-open-lightbox=\"no\">                <div class=\"bwg-item0 \">          <div class=\"bwg-item1 \">            <div class=\"bwg-item2\">              <img decoding=\"async\" class=\"skip-lazy bwg_standart_thumb_img_0 \"                   data-id=\"3453\"                   data-width=\"\"                   data-height=\"\"                   data-src=\"http:\/\/www.basanaviciaus.vilnius.lm.lt\/wp-content\/uploads\/photo-gallery\/Debatai_\u201eAr_reikalinga_ma\u017einti_Seimo_nari\u0173_skai\u010di\u0173_Lietuvoje_U\u017e_ir_prie\u0161\u201c_18-19\/thumb\/3.jpg?bwg=1559304436\"                   src=\"http:\/\/www.basanaviciaus.vilnius.lm.lt\/wp-content\/uploads\/photo-gallery\/Debatai_\u201eAr_reikalinga_ma\u017einti_Seimo_nari\u0173_skai\u010di\u0173_Lietuvoje_U\u017e_ir_prie\u0161\u201c_18-19\/thumb\/3.jpg?bwg=1559304436\"                   alt=\"3\"                   title=\"3\" \/>            <\/div>            <div class=\"\">                                                      <\/div>          <\/div>        <\/div>                        <\/a>              <\/div>            <div class=\"bwg-item\">        <a class=\"bwg-a  bwg_lightbox\"  data-image-id=\"3452\" href=\"http:\/\/www.basanaviciaus.vilnius.lm.lt\/wp-content\/uploads\/photo-gallery\/Debatai_\u201eAr_reikalinga_ma\u017einti_Seimo_nari\u0173_skai\u010di\u0173_Lietuvoje_U\u017e_ir_prie\u0161\u201c_18-19\/5.jpg?bwg=1559304436\" data-elementor-open-lightbox=\"no\">                <div class=\"bwg-item0 \">          <div class=\"bwg-item1 \">            <div class=\"bwg-item2\">              <img decoding=\"async\" class=\"skip-lazy bwg_standart_thumb_img_0 \"                   data-id=\"3452\"                   data-width=\"\"                   data-height=\"\"                   data-src=\"http:\/\/www.basanaviciaus.vilnius.lm.lt\/wp-content\/uploads\/photo-gallery\/Debatai_\u201eAr_reikalinga_ma\u017einti_Seimo_nari\u0173_skai\u010di\u0173_Lietuvoje_U\u017e_ir_prie\u0161\u201c_18-19\/thumb\/5.jpg?bwg=1559304436\"                   src=\"http:\/\/www.basanaviciaus.vilnius.lm.lt\/wp-content\/uploads\/photo-gallery\/Debatai_\u201eAr_reikalinga_ma\u017einti_Seimo_nari\u0173_skai\u010di\u0173_Lietuvoje_U\u017e_ir_prie\u0161\u201c_18-19\/thumb\/5.jpg?bwg=1559304436\"                   alt=\"5\"                   title=\"5\" \/>            <\/div>            <div class=\"\">                                                      <\/div>          <\/div>        <\/div>                        <\/a>              <\/div>            <div class=\"bwg-item\">        <a class=\"bwg-a  bwg_lightbox\"  data-image-id=\"3451\" href=\"http:\/\/www.basanaviciaus.vilnius.lm.lt\/wp-content\/uploads\/photo-gallery\/Debatai_\u201eAr_reikalinga_ma\u017einti_Seimo_nari\u0173_skai\u010di\u0173_Lietuvoje_U\u017e_ir_prie\u0161\u201c_18-19\/2.jpg?bwg=1559304436\" data-elementor-open-lightbox=\"no\">                <div class=\"bwg-item0 \">          <div class=\"bwg-item1 \">            <div class=\"bwg-item2\">              <img decoding=\"async\" class=\"skip-lazy bwg_standart_thumb_img_0 \"                   data-id=\"3451\"                   data-width=\"\"                   data-height=\"\"                   data-src=\"http:\/\/www.basanaviciaus.vilnius.lm.lt\/wp-content\/uploads\/photo-gallery\/Debatai_\u201eAr_reikalinga_ma\u017einti_Seimo_nari\u0173_skai\u010di\u0173_Lietuvoje_U\u017e_ir_prie\u0161\u201c_18-19\/thumb\/2.jpg?bwg=1559304436\"                   src=\"http:\/\/www.basanaviciaus.vilnius.lm.lt\/wp-content\/uploads\/photo-gallery\/Debatai_\u201eAr_reikalinga_ma\u017einti_Seimo_nari\u0173_skai\u010di\u0173_Lietuvoje_U\u017e_ir_prie\u0161\u201c_18-19\/thumb\/2.jpg?bwg=1559304436\"                   alt=\"2\"                   title=\"2\" \/>            <\/div>            <div class=\"\">                                                      <\/div>          <\/div>        <\/div>                        <\/a>              <\/div>            <div class=\"bwg-item\">        <a class=\"bwg-a  bwg_lightbox\"  data-image-id=\"3450\" href=\"http:\/\/www.basanaviciaus.vilnius.lm.lt\/wp-content\/uploads\/photo-gallery\/Debatai_\u201eAr_reikalinga_ma\u017einti_Seimo_nari\u0173_skai\u010di\u0173_Lietuvoje_U\u017e_ir_prie\u0161\u201c_18-19\/9.jpg?bwg=1559304436\" data-elementor-open-lightbox=\"no\">                <div class=\"bwg-item0 \">          <div class=\"bwg-item1 \">            <div class=\"bwg-item2\">              <img decoding=\"async\" class=\"skip-lazy bwg_standart_thumb_img_0 \"                   data-id=\"3450\"                   data-width=\"\"                   data-height=\"\"                   data-src=\"http:\/\/www.basanaviciaus.vilnius.lm.lt\/wp-content\/uploads\/photo-gallery\/Debatai_\u201eAr_reikalinga_ma\u017einti_Seimo_nari\u0173_skai\u010di\u0173_Lietuvoje_U\u017e_ir_prie\u0161\u201c_18-19\/thumb\/9.jpg?bwg=1559304436\"                   src=\"http:\/\/www.basanaviciaus.vilnius.lm.lt\/wp-content\/uploads\/photo-gallery\/Debatai_\u201eAr_reikalinga_ma\u017einti_Seimo_nari\u0173_skai\u010di\u0173_Lietuvoje_U\u017e_ir_prie\u0161\u201c_18-19\/thumb\/9.jpg?bwg=1559304436\"                   alt=\"9\"                   title=\"9\" \/>            <\/div>            <div class=\"\">                                                      <\/div>          <\/div>        <\/div>                        <\/a>              <\/div>            <div class=\"bwg-item\">        <a class=\"bwg-a  bwg_lightbox\"  data-image-id=\"3449\" href=\"http:\/\/www.basanaviciaus.vilnius.lm.lt\/wp-content\/uploads\/photo-gallery\/Debatai_\u201eAr_reikalinga_ma\u017einti_Seimo_nari\u0173_skai\u010di\u0173_Lietuvoje_U\u017e_ir_prie\u0161\u201c_18-19\/7.jpg?bwg=1559304436\" data-elementor-open-lightbox=\"no\">                <div class=\"bwg-item0 \">          <div class=\"bwg-item1 \">            <div class=\"bwg-item2\">              <img decoding=\"async\" class=\"skip-lazy bwg_standart_thumb_img_0 \"                   data-id=\"3449\"                   data-width=\"\"                   data-height=\"\"                   data-src=\"http:\/\/www.basanaviciaus.vilnius.lm.lt\/wp-content\/uploads\/photo-gallery\/Debatai_\u201eAr_reikalinga_ma\u017einti_Seimo_nari\u0173_skai\u010di\u0173_Lietuvoje_U\u017e_ir_prie\u0161\u201c_18-19\/thumb\/7.jpg?bwg=1559304436\"                   src=\"http:\/\/www.basanaviciaus.vilnius.lm.lt\/wp-content\/uploads\/photo-gallery\/Debatai_\u201eAr_reikalinga_ma\u017einti_Seimo_nari\u0173_skai\u010di\u0173_Lietuvoje_U\u017e_ir_prie\u0161\u201c_18-19\/thumb\/7.jpg?bwg=1559304436\"                   alt=\"7\"                   title=\"7\" \/>            <\/div>            <div class=\"\">                                                      <\/div>          <\/div>        <\/div>                        <\/a>              <\/div>            <div class=\"bwg-item\">        <a class=\"bwg-a  bwg_lightbox\"  data-image-id=\"3448\" href=\"http:\/\/www.basanaviciaus.vilnius.lm.lt\/wp-content\/uploads\/photo-gallery\/Debatai_\u201eAr_reikalinga_ma\u017einti_Seimo_nari\u0173_skai\u010di\u0173_Lietuvoje_U\u017e_ir_prie\u0161\u201c_18-19\/4.jpg?bwg=1559304436\" data-elementor-open-lightbox=\"no\">                <div class=\"bwg-item0 \">          <div class=\"bwg-item1 \">            <div class=\"bwg-item2\">              <img decoding=\"async\" class=\"skip-lazy bwg_standart_thumb_img_0 \"                   data-id=\"3448\"                   data-width=\"\"                   data-height=\"\"                   data-src=\"http:\/\/www.basanaviciaus.vilnius.lm.lt\/wp-content\/uploads\/photo-gallery\/Debatai_\u201eAr_reikalinga_ma\u017einti_Seimo_nari\u0173_skai\u010di\u0173_Lietuvoje_U\u017e_ir_prie\u0161\u201c_18-19\/thumb\/4.jpg?bwg=1559304436\"                   src=\"http:\/\/www.basanaviciaus.vilnius.lm.lt\/wp-content\/uploads\/photo-gallery\/Debatai_\u201eAr_reikalinga_ma\u017einti_Seimo_nari\u0173_skai\u010di\u0173_Lietuvoje_U\u017e_ir_prie\u0161\u201c_18-19\/thumb\/4.jpg?bwg=1559304436\"                   alt=\"4\"                   title=\"4\" \/>            <\/div>            <div class=\"\">                                                      <\/div>          <\/div>        <\/div>                        <\/a>              <\/div>            <div class=\"bwg-item\">        <a class=\"bwg-a  bwg_lightbox\"  data-image-id=\"3447\" href=\"http:\/\/www.basanaviciaus.vilnius.lm.lt\/wp-content\/uploads\/photo-gallery\/Debatai_\u201eAr_reikalinga_ma\u017einti_Seimo_nari\u0173_skai\u010di\u0173_Lietuvoje_U\u017e_ir_prie\u0161\u201c_18-19\/8.jpg?bwg=1559304436\" data-elementor-open-lightbox=\"no\">                <div class=\"bwg-item0 \">          <div class=\"bwg-item1 \">            <div class=\"bwg-item2\">              <img decoding=\"async\" class=\"skip-lazy bwg_standart_thumb_img_0 \"                   data-id=\"3447\"                   data-width=\"\"                   data-height=\"\"                   data-src=\"http:\/\/www.basanaviciaus.vilnius.lm.lt\/wp-content\/uploads\/photo-gallery\/Debatai_\u201eAr_reikalinga_ma\u017einti_Seimo_nari\u0173_skai\u010di\u0173_Lietuvoje_U\u017e_ir_prie\u0161\u201c_18-19\/thumb\/8.jpg?bwg=1559304436\"                   src=\"http:\/\/www.basanaviciaus.vilnius.lm.lt\/wp-content\/uploads\/photo-gallery\/Debatai_\u201eAr_reikalinga_ma\u017einti_Seimo_nari\u0173_skai\u010di\u0173_Lietuvoje_U\u017e_ir_prie\u0161\u201c_18-19\/thumb\/8.jpg?bwg=1559304436\"                   alt=\"8\"                   title=\"8\" \/>            <\/div>            <div class=\"\">                                                      <\/div>          <\/div>        <\/div>                        <\/a>              <\/div>            <div class=\"bwg-item\">        <a class=\"bwg-a  bwg_lightbox\"  data-image-id=\"3446\" href=\"http:\/\/www.basanaviciaus.vilnius.lm.lt\/wp-content\/uploads\/photo-gallery\/Debatai_\u201eAr_reikalinga_ma\u017einti_Seimo_nari\u0173_skai\u010di\u0173_Lietuvoje_U\u017e_ir_prie\u0161\u201c_18-19\/10.jpg?bwg=1559304436\" data-elementor-open-lightbox=\"no\">                <div class=\"bwg-item0 \">          <div class=\"bwg-item1 \">            <div class=\"bwg-item2\">              <img decoding=\"async\" class=\"skip-lazy bwg_standart_thumb_img_0 \"                   data-id=\"3446\"                   data-width=\"\"                   data-height=\"\"                   data-src=\"http:\/\/www.basanaviciaus.vilnius.lm.lt\/wp-content\/uploads\/photo-gallery\/Debatai_\u201eAr_reikalinga_ma\u017einti_Seimo_nari\u0173_skai\u010di\u0173_Lietuvoje_U\u017e_ir_prie\u0161\u201c_18-19\/thumb\/10.jpg?bwg=1559304436\"                   src=\"http:\/\/www.basanaviciaus.vilnius.lm.lt\/wp-content\/uploads\/photo-gallery\/Debatai_\u201eAr_reikalinga_ma\u017einti_Seimo_nari\u0173_skai\u010di\u0173_Lietuvoje_U\u017e_ir_prie\u0161\u201c_18-19\/thumb\/10.jpg?bwg=1559304436\"                   alt=\"10\"                   title=\"10\" \/>            <\/div>            <div class=\"\">                                                      <\/div>          <\/div>        <\/div>                        <\/a>              <\/div>            <div class=\"bwg-item\">        <a class=\"bwg-a  bwg_lightbox\"  data-image-id=\"3445\" href=\"http:\/\/www.basanaviciaus.vilnius.lm.lt\/wp-content\/uploads\/photo-gallery\/Debatai_\u201eAr_reikalinga_ma\u017einti_Seimo_nari\u0173_skai\u010di\u0173_Lietuvoje_U\u017e_ir_prie\u0161\u201c_18-19\/11.jpg?bwg=1559304436\" data-elementor-open-lightbox=\"no\">                <div class=\"bwg-item0 \">          <div class=\"bwg-item1 \">            <div class=\"bwg-item2\">              <img decoding=\"async\" class=\"skip-lazy bwg_standart_thumb_img_0 \"                   data-id=\"3445\"                   data-width=\"\"                   data-height=\"\"                   data-src=\"http:\/\/www.basanaviciaus.vilnius.lm.lt\/wp-content\/uploads\/photo-gallery\/Debatai_\u201eAr_reikalinga_ma\u017einti_Seimo_nari\u0173_skai\u010di\u0173_Lietuvoje_U\u017e_ir_prie\u0161\u201c_18-19\/thumb\/11.jpg?bwg=1559304436\"                   src=\"http:\/\/www.basanaviciaus.vilnius.lm.lt\/wp-content\/uploads\/photo-gallery\/Debatai_\u201eAr_reikalinga_ma\u017einti_Seimo_nari\u0173_skai\u010di\u0173_Lietuvoje_U\u017e_ir_prie\u0161\u201c_18-19\/thumb\/11.jpg?bwg=1559304436\"                   alt=\"11\"                   title=\"11\" \/>            <\/div>            <div class=\"\">                                                      <\/div>          <\/div>        <\/div>                        <\/a>              <\/div>          <\/div>              <\/div>        <\/form>        <style>          #bwg_container1_0 #bwg_container2_0 #spider_popup_overlay_0 {          background-color: #000000;          opacity: 0.70;          }          <\/style>        <div id=\"bwg_spider_popup_loading_0\" class=\"bwg_spider_popup_loading\"><\/div>        <div id=\"spider_popup_overlay_0\" class=\"spider_popup_overlay\" onclick=\"spider_destroypopup(1000)\"><\/div>        <input type=\"hidden\" id=\"bwg_random_seed_0\" value=\"1593479540\">                <\/div>    <\/div>    <script>      if (document.readyState === 'complete') {        if( typeof bwg_main_ready == 'function' ) {          if ( jQuery(\"#bwg_container1_0\").height() ) {            bwg_main_ready(jQuery(\"#bwg_container1_0\"));          }        }      } else {        document.addEventListener('DOMContentLoaded', function() {          if( typeof bwg_main_ready == 'function' ) {            if ( jQuery(\"#bwg_container1_0\").height() ) {             bwg_main_ready(jQuery(\"#bwg_container1_0\"));            }          }        });      }    <\/script>    <\/span><\/span><\/span><\/p>\n","protected":false},"excerpt":{"rendered":"<p>2019-05-29 Debatai&nbsp;&bdquo;Ar reikalinga ma\u017einti Seimo nari\u0173 skai\u010di\u0173 Lietuvoje? U\u017e ir prie&scaron;&ldquo;&nbsp; Konstitucija nuo mokyklos suolo mus moko, jog kiekvieno pilie\u010dio teis\u0117 ir pareiga savo vali\u0105 i&scaron;reik&scaron;ti demokratiniuose rinkimuose bei referendumuose. Gegu\u017e\u0117s 12 d.&nbsp;visoje Lietuvoje ir u\u017esienio &scaron;alyse vyko Lietuvos prezidento rinkimai ir&nbsp;referendumai&nbsp;d\u0117l dvigubos pilietyb\u0117s i&scaron;pl\u0117timo bei Seimo nari\u0173 skai\u010diaus ma\u017einimo. Tod\u0117l &scaron;ias metais&nbsp; debat\u0173 tema [&hellip;]<\/p>\n","protected":false},"author":1,"featured_media":0,"parent":0,"menu_order":0,"comment_status":"closed","ping_status":"closed","template":"","meta":{"footnotes":""},"class_list":["post-12259","page","type-page","status-publish","hentry"],"_links":{"self":[{"href":"http:\/\/www.basanaviciaus.vilnius.lm.lt\/index.php?rest_route=\/wp\/v2\/pages\/12259","targetHints":{"allow":["GET"]}}],"collection":[{"href":"http:\/\/www.basanaviciaus.vilnius.lm.lt\/index.php?rest_route=\/wp\/v2\/pages"}],"about":[{"href":"http:\/\/www.basanaviciaus.vilnius.lm.lt\/index.php?rest_route=\/wp\/v2\/types\/page"}],"author":[{"embeddable":true,"href":"http:\/\/www.basanaviciaus.vilnius.lm.lt\/index.php?rest_route=\/wp\/v2\/users\/1"}],"replies":[{"embeddable":true,"href":"http:\/\/www.basanaviciaus.vilnius.lm.lt\/index.php?rest_route=%2Fwp%2Fv2%2Fcomments&post=12259"}],"version-history":[{"count":2,"href":"http:\/\/www.basanaviciaus.vilnius.lm.lt\/index.php?rest_route=\/wp\/v2\/pages\/12259\/revisions"}],"predecessor-version":[{"id":12264,"href":"http:\/\/www.basanaviciaus.vilnius.lm.lt\/index.php?rest_route=\/wp\/v2\/pages\/12259\/revisions\/12264"}],"wp:attachment":[{"href":"http:\/\/www.basanaviciaus.vilnius.lm.lt\/index.php?rest_route=%2Fwp%2Fv2%2Fmedia&parent=12259"}],"curies":[{"name":"wp","href":"https:\/\/api.w.org\/{rel}","templated":true}]}}