{"id":12540,"date":"2019-09-24T07:54:27","date_gmt":"2019-09-24T04:54:27","guid":{"rendered":"http:\/\/www.basanaviciaus.vilnius.lm.lt\/?page_id=12540"},"modified":"2019-09-24T08:06:51","modified_gmt":"2019-09-24T05:06:51","slug":"lytiskumo-paskaitas-veda-daktare-rezidente-salomeja-naraskeviciute19-20","status":"publish","type":"page","link":"http:\/\/www.basanaviciaus.vilnius.lm.lt\/?page_id=12540","title":{"rendered":"Lyti\u0161kumo paskaitas veda daktar\u0117 rezident\u0117 Salom\u0117ja Nara\u0161kevi\u010di\u016bt\u0117&#8217;19-20"},"content":{"rendered":"<p>\n\t<strong><span style=\"color:#696969;\"><span style=\"font-size:14px;\"><span style=\"font-family:times new roman,times,serif;\">2019-09-24<\/span><\/span><\/span><\/strong>\n<\/p>\n<p>\n\t<strong><span style=\"color:#696969;\"><span style=\"font-size:14px;\"><span style=\"font-family:times new roman,times,serif;\">Lyti&scaron;kumo paskaitas veda daktar\u0117 rezident\u0117 Salom\u0117ja Nara&scaron;kevi\u010di\u016bt\u0117<\/span><\/span><\/span><\/strong>\n<\/p>\n<p>\n\t<span style=\"color:#696969;\"><span style=\"font-size:14px;\"><span style=\"font-family:times new roman,times,serif;\">Rugs\u0117jo m\u0117nes\u012f I-IV klasi\u0173 mokiniai lanko lyti&scaron;kumo paskaitas. Jaunimo centre daktar\u0117 rezident\u0117 Salom\u0117ja Nara&scaron;kevi\u010di\u016bt\u0117 mokiniams pristato ly\u010di\u0173 tarpusavio santykius. Pasakoja, kaip apsisaugoti nuo neplanuoto n\u0117&scaron;tumo, kokios yra lytiniu keliu plintan\u010dios ligos ir kaip apsisaugoti nuo j\u0173.<\/span><\/span><\/span>\n<\/p>\n<table border=\"1\" cellpadding=\"1\" cellspacing=\"1\" style=\"width:650px;\">\n<tbody>\n<tr>\n<td style=\"text-align: center; vertical-align: middle; width: 325px;\">\n\t\t\t\t<a href=\"http:\/\/www.basanaviciaus.vilnius.lm.lt\/wp-content\/uploads\/2019\/09\/1.jpg\" rel=\"\" style=\"\" target=\"\" title=\"\"><img loading=\"lazy\" decoding=\"async\" alt=\"\" class=\"aligncenter size-medium wp-image-12542\" height=\"180\" src=\"http:\/\/www.basanaviciaus.vilnius.lm.lt\/wp-content\/uploads\/2019\/09\/1-225x300.jpg\" style=\"\" title=\"\" width=\"135\" srcset=\"http:\/\/www.basanaviciaus.vilnius.lm.lt\/wp-content\/uploads\/2019\/09\/1-225x300.jpg 225w, http:\/\/www.basanaviciaus.vilnius.lm.lt\/wp-content\/uploads\/2019\/09\/1-300x400.jpg 300w, http:\/\/www.basanaviciaus.vilnius.lm.lt\/wp-content\/uploads\/2019\/09\/1.jpg 720w\" sizes=\"auto, (max-width: 135px) 100vw, 135px\" \/><\/a>\n\t\t\t<\/td>\n<td style=\"text-align: center; vertical-align: middle; width: 325px;\">\n\t\t\t\t<br \/>\n\t\t\t\t<a href=\"http:\/\/www.basanaviciaus.vilnius.lm.lt\/wp-content\/uploads\/2019\/09\/2.jpg\" rel=\"\" style=\"\" target=\"\" title=\"\"><img loading=\"lazy\" decoding=\"async\" alt=\"\" class=\"aligncenter size-medium wp-image-12543\" height=\"180\" src=\"http:\/\/www.basanaviciaus.vilnius.lm.lt\/wp-content\/uploads\/2019\/09\/2-300x225.jpg\" style=\"\" title=\"\" width=\"240\" srcset=\"http:\/\/www.basanaviciaus.vilnius.lm.lt\/wp-content\/uploads\/2019\/09\/2-300x225.jpg 300w, http:\/\/www.basanaviciaus.vilnius.lm.lt\/wp-content\/uploads\/2019\/09\/2-768x576.jpg 768w, http:\/\/www.basanaviciaus.vilnius.lm.lt\/wp-content\/uploads\/2019\/09\/2.jpg 960w\" sizes=\"auto, (max-width: 240px) 100vw, 240px\" \/><\/a>&nbsp;\n\t\t\t<\/td>\n<\/tr>\n<\/tbody>\n<\/table>\n<p>\n\t&nbsp;<\/p>\n","protected":false},"excerpt":{"rendered":"<p>2019-09-24 Lyti&scaron;kumo paskaitas veda daktar\u0117 rezident\u0117 Salom\u0117ja Nara&scaron;kevi\u010di\u016bt\u0117 Rugs\u0117jo m\u0117nes\u012f I-IV klasi\u0173 mokiniai lanko lyti&scaron;kumo paskaitas. Jaunimo centre daktar\u0117 rezident\u0117 Salom\u0117ja Nara&scaron;kevi\u010di\u016bt\u0117 mokiniams pristato ly\u010di\u0173 tarpusavio santykius. Pasakoja, kaip apsisaugoti nuo neplanuoto n\u0117&scaron;tumo, kokios yra lytiniu keliu plintan\u010dios ligos ir kaip apsisaugoti nuo j\u0173. &nbsp; &nbsp;<\/p>\n","protected":false},"author":1,"featured_media":0,"parent":0,"menu_order":0,"comment_status":"closed","ping_status":"closed","template":"","meta":{"footnotes":""},"class_list":["post-12540","page","type-page","status-publish","hentry"],"_links":{"self":[{"href":"http:\/\/www.basanaviciaus.vilnius.lm.lt\/index.php?rest_route=\/wp\/v2\/pages\/12540","targetHints":{"allow":["GET"]}}],"collection":[{"href":"http:\/\/www.basanaviciaus.vilnius.lm.lt\/index.php?rest_route=\/wp\/v2\/pages"}],"about":[{"href":"http:\/\/www.basanaviciaus.vilnius.lm.lt\/index.php?rest_route=\/wp\/v2\/types\/page"}],"author":[{"embeddable":true,"href":"http:\/\/www.basanaviciaus.vilnius.lm.lt\/index.php?rest_route=\/wp\/v2\/users\/1"}],"replies":[{"embeddable":true,"href":"http:\/\/www.basanaviciaus.vilnius.lm.lt\/index.php?rest_route=%2Fwp%2Fv2%2Fcomments&post=12540"}],"version-history":[{"count":2,"href":"http:\/\/www.basanaviciaus.vilnius.lm.lt\/index.php?rest_route=\/wp\/v2\/pages\/12540\/revisions"}],"predecessor-version":[{"id":12544,"href":"http:\/\/www.basanaviciaus.vilnius.lm.lt\/index.php?rest_route=\/wp\/v2\/pages\/12540\/revisions\/12544"}],"wp:attachment":[{"href":"http:\/\/www.basanaviciaus.vilnius.lm.lt\/index.php?rest_route=%2Fwp%2Fv2%2Fmedia&parent=12540"}],"curies":[{"name":"wp","href":"https:\/\/api.w.org\/{rel}","templated":true}]}}