{"id":12711,"date":"2019-10-22T08:28:07","date_gmt":"2019-10-22T05:28:07","guid":{"rendered":"http:\/\/www.basanaviciaus.vilnius.lm.lt\/?page_id=12711"},"modified":"2019-10-22T08:30:00","modified_gmt":"2019-10-22T05:30:00","slug":"viktorinos-mokesciai-sugrizta-kiekvienam-i-etapas19-20","status":"publish","type":"page","link":"http:\/\/www.basanaviciaus.vilnius.lm.lt\/?page_id=12711","title":{"rendered":"Viktorinos \u201eMokes\u010diai sugr\u012f\u017eta kiekvienam\u201c I etapas&#8217;19-20"},"content":{"rendered":"<p>\n\t<strong><span style=\"color:#696969;\"><span style=\"font-size:14px;\"><span style=\"font-family:times new roman,times,serif;\">2019-10-16<\/span><\/span><\/span><\/strong>\n<\/p>\n<p>\n\t<span style=\"color:#696969;\"><span style=\"font-size:14px;\"><span style=\"font-family:times new roman,times,serif;\"><strong>Viktorinos &bdquo;Mokes\u010diai sugr\u012f\u017eta kiekvienam&ldquo; I etapas<\/strong><\/span><\/span><\/span>\n<\/p>\n<p>\n\t<span style=\"color:#696969;\"><span style=\"font-size:14px;\"><span style=\"font-family:times new roman,times,serif;\">IIB klas\u0117s komanda &ndash; Teodoras, Paulius, Mykolas ir aukl\u0117toja Remigija &ndash; dalyvavo VMI organizuojamos viktorinos &bdquo;Mokes\u010diai sugr\u012f\u017eta kiekvienam&ldquo; I etape. Komanda pasivadino Basanavi\u010diaus i\u017edininkai. I etapo u\u017eduotys buvo pateiktos internetu &ndash; per 60 min. reik\u0117jo atsakyti \u012f 30 klausim\u0173. Belieka laukti spalio 21 d., kai paai&scaron;k\u0117s, ar pavyko komandai patekti \u012f kit\u0105 etap\u0105, ir tik\u0117ti pradedan\u010di\u0173j\u0173 s\u0117kme, nes visiems komandos nariams ekonomika, mokes\u010diai gana rimtas i&scaron;bandymas!<\/span><\/span><\/span>\n<\/p>\n<p>\n\t<a href=\"http:\/\/www.basanaviciaus.vilnius.lm.lt\/wp-content\/uploads\/2017\/06\/1-146.jpg\"><img loading=\"lazy\" decoding=\"async\" alt=\"\" class=\"aligncenter size-medium wp-image-12713\" height=\"191\" src=\"http:\/\/www.basanaviciaus.vilnius.lm.lt\/wp-content\/uploads\/2017\/06\/1-146-300x191.jpg\" width=\"300\" srcset=\"http:\/\/www.basanaviciaus.vilnius.lm.lt\/wp-content\/uploads\/2017\/06\/1-146-300x191.jpg 300w, http:\/\/www.basanaviciaus.vilnius.lm.lt\/wp-content\/uploads\/2017\/06\/1-146-768x490.jpg 768w, http:\/\/www.basanaviciaus.vilnius.lm.lt\/wp-content\/uploads\/2017\/06\/1-146.jpg 1990w\" sizes=\"auto, (max-width: 300px) 100vw, 300px\" \/><\/a><\/p>\n","protected":false},"excerpt":{"rendered":"<p>2019-10-16 Viktorinos &bdquo;Mokes\u010diai sugr\u012f\u017eta kiekvienam&ldquo; I etapas IIB klas\u0117s komanda &ndash; Teodoras, Paulius, Mykolas ir aukl\u0117toja Remigija &ndash; dalyvavo VMI organizuojamos viktorinos &bdquo;Mokes\u010diai sugr\u012f\u017eta kiekvienam&ldquo; I etape. Komanda pasivadino Basanavi\u010diaus i\u017edininkai. I etapo u\u017eduotys buvo pateiktos internetu &ndash; per 60 min. reik\u0117jo atsakyti \u012f 30 klausim\u0173. Belieka laukti spalio 21 d., kai paai&scaron;k\u0117s, ar pavyko [&hellip;]<\/p>\n","protected":false},"author":1,"featured_media":0,"parent":11174,"menu_order":0,"comment_status":"closed","ping_status":"closed","template":"","meta":{"footnotes":""},"class_list":["post-12711","page","type-page","status-publish","hentry"],"_links":{"self":[{"href":"http:\/\/www.basanaviciaus.vilnius.lm.lt\/index.php?rest_route=\/wp\/v2\/pages\/12711","targetHints":{"allow":["GET"]}}],"collection":[{"href":"http:\/\/www.basanaviciaus.vilnius.lm.lt\/index.php?rest_route=\/wp\/v2\/pages"}],"about":[{"href":"http:\/\/www.basanaviciaus.vilnius.lm.lt\/index.php?rest_route=\/wp\/v2\/types\/page"}],"author":[{"embeddable":true,"href":"http:\/\/www.basanaviciaus.vilnius.lm.lt\/index.php?rest_route=\/wp\/v2\/users\/1"}],"replies":[{"embeddable":true,"href":"http:\/\/www.basanaviciaus.vilnius.lm.lt\/index.php?rest_route=%2Fwp%2Fv2%2Fcomments&post=12711"}],"version-history":[{"count":2,"href":"http:\/\/www.basanaviciaus.vilnius.lm.lt\/index.php?rest_route=\/wp\/v2\/pages\/12711\/revisions"}],"predecessor-version":[{"id":12715,"href":"http:\/\/www.basanaviciaus.vilnius.lm.lt\/index.php?rest_route=\/wp\/v2\/pages\/12711\/revisions\/12715"}],"up":[{"embeddable":true,"href":"http:\/\/www.basanaviciaus.vilnius.lm.lt\/index.php?rest_route=\/wp\/v2\/pages\/11174"}],"wp:attachment":[{"href":"http:\/\/www.basanaviciaus.vilnius.lm.lt\/index.php?rest_route=%2Fwp%2Fv2%2Fmedia&parent=12711"}],"curies":[{"name":"wp","href":"https:\/\/api.w.org\/{rel}","templated":true}]}}