{"id":13176,"date":"2020-01-30T09:39:54","date_gmt":"2020-01-30T07:39:54","guid":{"rendered":"http:\/\/www.basanaviciaus.vilnius.lm.lt\/?page_id=13176"},"modified":"2020-01-30T09:39:56","modified_gmt":"2020-01-30T07:39:56","slug":"vilniaus-miesto-gimtadienio-atidarymo-svente19-20","status":"publish","type":"page","link":"http:\/\/www.basanaviciaus.vilnius.lm.lt\/?page_id=13176","title":{"rendered":"Vilniaus miesto gimtadienio atidarymo \u0161vent\u0117&#8217;19-20"},"content":{"rendered":"\n<p><strong>2020-01-24<\/strong><\/p>\n\n\n\n<p><strong>Vilniaus miesto gimtadienio atidarymo \u0161vent\u0117<\/strong><\/p>\n\n\n\n<p>IIB klas\u0117 ir aukl\u0117toja Remigija, penktadien\u012f lank\u0117m\u0117s Vilniaus miesto gimtadienio atidarymo \u0161vent\u0117je Rotu\u0161\u0117s aik\u0161t\u0117je. Steb\u0117jome v\u0117liav\u0173 pak\u0117limo ceremonij\u0105, klaus\u0117m\u0117s miesto mero R. \u0160ima\u0161iaus ir visuomen\u0117s veik\u0117jo, architekto, dainininko A. Kau\u0161p\u0117do pasveikinimo \u017eod\u017ei\u0173, i\u0161girdome skaitom\u0105 sveikinimo lai\u0161k\u0105 Vilniui. Labai d\u017eiaug\u0117m\u0117s ir kartu su kitais, buvusiais aik\u0161t\u0117je, plojome, kai did\u017eiuliame ekrane pamat\u0117me, jog Rotu\u0161\u0117je po sveikinimo lai\u0161ku kartu su kitais garbiais vilnie\u010diais pasira\u0161\u0117 ir m\u016bs\u0173 gimnazijos direktor\u0117 F. Gulbinien\u0117. \u0160venti\u0161kai nuteik\u0117 A. Noviko ir grup\u0117s muzikinis pasveikinimas Vilniui ir vilnie\u010diams. \u0160is savaitgalis \u2013 \u0161ventinis! D\u017eiaukim\u0117s kartu su savo miestu! <\/p>\n\n\n\n<figure class=\"wp-block-gallery columns-3 is-cropped wp-block-gallery-1 is-layout-flex wp-block-gallery-is-layout-flex\"><ul class=\"blocks-gallery-grid\"><li class=\"blocks-gallery-item\"><figure><img loading=\"lazy\" decoding=\"async\" width=\"720\" height=\"422\" src=\"http:\/\/www.basanaviciaus.vilnius.lm.lt\/wp-content\/uploads\/2020\/01\/6_IIB-720x422.jpg\" alt=\"\" data-id=\"13182\" data-full-url=\"http:\/\/www.basanaviciaus.vilnius.lm.lt\/wp-content\/uploads\/2020\/01\/6_IIB.jpg\" data-link=\"http:\/\/www.basanaviciaus.vilnius.lm.lt\/?attachment_id=13182\" class=\"wp-image-13182\"\/><\/figure><\/li><li class=\"blocks-gallery-item\"><figure><img loading=\"lazy\" decoding=\"async\" width=\"960\" height=\"422\" src=\"http:\/\/www.basanaviciaus.vilnius.lm.lt\/wp-content\/uploads\/2020\/01\/5_IIB-960x422.jpg\" alt=\"\" data-id=\"13181\" data-full-url=\"http:\/\/www.basanaviciaus.vilnius.lm.lt\/wp-content\/uploads\/2020\/01\/5_IIB.jpg\" data-link=\"http:\/\/www.basanaviciaus.vilnius.lm.lt\/?attachment_id=13181\" class=\"wp-image-13181\"\/><\/figure><\/li><li class=\"blocks-gallery-item\"><figure><img loading=\"lazy\" decoding=\"async\" width=\"960\" height=\"422\" src=\"http:\/\/www.basanaviciaus.vilnius.lm.lt\/wp-content\/uploads\/2020\/01\/4_IIB-960x422.jpg\" alt=\"\" data-id=\"13180\" data-full-url=\"http:\/\/www.basanaviciaus.vilnius.lm.lt\/wp-content\/uploads\/2020\/01\/4_IIB.jpg\" data-link=\"http:\/\/www.basanaviciaus.vilnius.lm.lt\/?attachment_id=13180\" class=\"wp-image-13180\"\/><\/figure><\/li><li class=\"blocks-gallery-item\"><figure><img loading=\"lazy\" decoding=\"async\" width=\"1000\" height=\"422\" src=\"http:\/\/www.basanaviciaus.vilnius.lm.lt\/wp-content\/uploads\/2020\/01\/3_IIB-1000x422.jpg\" alt=\"\" data-id=\"13179\" data-full-url=\"http:\/\/www.basanaviciaus.vilnius.lm.lt\/wp-content\/uploads\/2020\/01\/3_IIB.jpg\" data-link=\"http:\/\/www.basanaviciaus.vilnius.lm.lt\/?attachment_id=13179\" class=\"wp-image-13179\"\/><\/figure><\/li><li class=\"blocks-gallery-item\"><figure><img loading=\"lazy\" decoding=\"async\" width=\"1000\" height=\"422\" src=\"http:\/\/www.basanaviciaus.vilnius.lm.lt\/wp-content\/uploads\/2020\/01\/2_IIB-1000x422.jpg\" alt=\"\" data-id=\"13178\" data-full-url=\"http:\/\/www.basanaviciaus.vilnius.lm.lt\/wp-content\/uploads\/2020\/01\/2_IIB.jpg\" data-link=\"http:\/\/www.basanaviciaus.vilnius.lm.lt\/?attachment_id=13178\" class=\"wp-image-13178\"\/><\/figure><\/li><li class=\"blocks-gallery-item\"><figure><img loading=\"lazy\" decoding=\"async\" width=\"960\" height=\"422\" src=\"http:\/\/www.basanaviciaus.vilnius.lm.lt\/wp-content\/uploads\/2020\/01\/1_IIB-4-960x422.jpg\" alt=\"\" data-id=\"13177\" data-full-url=\"http:\/\/www.basanaviciaus.vilnius.lm.lt\/wp-content\/uploads\/2020\/01\/1_IIB-4.jpg\" data-link=\"http:\/\/www.basanaviciaus.vilnius.lm.lt\/?attachment_id=13177\" class=\"wp-image-13177\"\/><\/figure><\/li><\/ul><\/figure>\n","protected":false},"excerpt":{"rendered":"<p>2020-01-24 Vilniaus miesto gimtadienio atidarymo \u0161vent\u0117 IIB klas\u0117 ir aukl\u0117toja Remigija, penktadien\u012f lank\u0117m\u0117s Vilniaus miesto gimtadienio atidarymo \u0161vent\u0117je Rotu\u0161\u0117s aik\u0161t\u0117je. Steb\u0117jome v\u0117liav\u0173 pak\u0117limo ceremonij\u0105, klaus\u0117m\u0117s miesto mero R. \u0160ima\u0161iaus ir visuomen\u0117s veik\u0117jo, architekto, dainininko A. Kau\u0161p\u0117do pasveikinimo \u017eod\u017ei\u0173, i\u0161girdome skaitom\u0105 sveikinimo lai\u0161k\u0105 Vilniui. Labai d\u017eiaug\u0117m\u0117s ir kartu su kitais, buvusiais aik\u0161t\u0117je, plojome, kai did\u017eiuliame ekrane [&hellip;]<\/p>\n","protected":false},"author":1,"featured_media":0,"parent":0,"menu_order":0,"comment_status":"closed","ping_status":"closed","template":"","meta":{"footnotes":""},"class_list":["post-13176","page","type-page","status-publish","hentry"],"_links":{"self":[{"href":"http:\/\/www.basanaviciaus.vilnius.lm.lt\/index.php?rest_route=\/wp\/v2\/pages\/13176","targetHints":{"allow":["GET"]}}],"collection":[{"href":"http:\/\/www.basanaviciaus.vilnius.lm.lt\/index.php?rest_route=\/wp\/v2\/pages"}],"about":[{"href":"http:\/\/www.basanaviciaus.vilnius.lm.lt\/index.php?rest_route=\/wp\/v2\/types\/page"}],"author":[{"embeddable":true,"href":"http:\/\/www.basanaviciaus.vilnius.lm.lt\/index.php?rest_route=\/wp\/v2\/users\/1"}],"replies":[{"embeddable":true,"href":"http:\/\/www.basanaviciaus.vilnius.lm.lt\/index.php?rest_route=%2Fwp%2Fv2%2Fcomments&post=13176"}],"version-history":[{"count":1,"href":"http:\/\/www.basanaviciaus.vilnius.lm.lt\/index.php?rest_route=\/wp\/v2\/pages\/13176\/revisions"}],"predecessor-version":[{"id":13183,"href":"http:\/\/www.basanaviciaus.vilnius.lm.lt\/index.php?rest_route=\/wp\/v2\/pages\/13176\/revisions\/13183"}],"wp:attachment":[{"href":"http:\/\/www.basanaviciaus.vilnius.lm.lt\/index.php?rest_route=%2Fwp%2Fv2%2Fmedia&parent=13176"}],"curies":[{"name":"wp","href":"https:\/\/api.w.org\/{rel}","templated":true}]}}