{"id":1440,"date":"2013-04-22T19:38:28","date_gmt":"2013-04-22T16:38:28","guid":{"rendered":"http:\/\/www.basanaviciaus.vilnius.lm.lt\/?page_id=1440"},"modified":"2013-04-22T19:56:51","modified_gmt":"2013-04-22T16:56:51","slug":"comenius-daugiasales-mokyklu-partnerystes-projekto-skirtingi-bet-lygiateisiai-europoje-susitikimas-vilniuje","status":"publish","type":"page","link":"http:\/\/www.basanaviciaus.vilnius.lm.lt\/?page_id=1440","title":{"rendered":"Comenius daugia\u0161al\u0117s mokykl\u0173 partneryst\u0117s projekto \u201eSkirtingi, bet lygiateisiai Europoje\u201c susitikimas Vilniuje"},"content":{"rendered":"<p>\n\t[singlepic id=466 w=50 h=50 float=]<span style=\"color:#696969;\"><span style=\"font-size:12px;\"><span style=\"font-family:times new roman,times,serif;\"><strong>Comenius daugia&scaron;al\u0117s mokykl\u0173 partneryst\u0117s projekto &bdquo;Skirtingi, bet lygiateisiai Europoje&ldquo; susitikimas Vilniuje<\/strong><\/span><\/span><\/span>\n<\/p>\n<p>\n\t<span style=\"font-family: 'times new roman', times, serif; font-size: 12px; color: rgb(105, 105, 105); line-height: 1.6em;\">Lapkri\u010dio 26-27 dienomis Vilniaus Jono Basanavi\u010diaus gimnazijoje vie&scaron;\u0117jo sve\u010diai i&scaron; Rumunijos, Turkijos, Portugalijos, Italijos, Graikijos ir Pranc\u016bzijos. Tai pirmasis dviej\u0173 met\u0173 daugia&scaron;al\u0117s mokykl\u0173 partneryst\u0117s Comenius programos projekto &bdquo;Skirtingi, bet lygiateisiai Europoje&ldquo; susitikimas, kuriame dalyvavo 19 mokytoj\u0173 ir 16 mokini\u0173 i&scaron; u\u017esienio.<\/span>\n<\/p>\n<p>\n\t<span style=\"color:#696969;\"><span style=\"font-size:12px;\"><span style=\"font-family:times new roman,times,serif;\">Projekto \u012fgyvendinimo metu, bendradarbiaudami su kolegomis i&scaron; kit\u0173 &scaron;ali\u0173, pedagogai ir mokiniai tur\u0117s galimyb\u0119 pa\u017einti kitas kult\u016bras, tobulinti u\u017esienio kalb\u0173 \u017einias, pasidalinti patirtimi, naujovi&scaron;komis mokymo praktikomis.<\/span><\/span><\/span>\n<\/p>\n<p>\n\t<span style=\"color:#696969;\"><span style=\"font-size:12px;\"><span style=\"font-family:times new roman,times,serif;\">Pirm\u0105j\u0105 projekto dien\u0105 sve\u010diai susipa\u017eino su gimnazija ir Vilniaus miestu. Taip pat dalyvavo oficialiame vizite Vilniaus miesto savivaldyb\u0117je, susitiko su Lygi\u0173 galimybi\u0173 kontrolieriaus tarnybos specialistais ir Vilniaus miesto savivaldyb\u0117s administracijos &Scaron;vietimo, kult\u016bros ir sporto departamento &Scaron;vietimo skyriaus ved\u0117ju. Antr\u0105j\u0105 dien\u0105 projekto dalyviai lank\u0117si Rum&scaron;i&scaron;k\u0117se ir Trakuose, o atsisveikindami &scaron;\u0117lo atsisveikinimo vakar\u0117lyje.<\/span><\/span><\/span>\n<\/p>\n<p>\n\t<span style=\"line-height: 1.6em;\">[nggallery id=48]<\/span>\n<\/p>\n<p>\n\t<span style=\"color:#696969;\"><span style=\"font-size:12px;\"><span style=\"font-family:times new roman,times,serif;\">Nekantriai laukiame kito susitikimo, kuris \u012fvyks 2013 met\u0173 vasario m\u0117nes\u012f Turkijoje.<\/span><\/span><\/span>\n<\/p>\n<p>\n\t&nbsp;\n<\/p>\n<p>\n\t&nbsp;\n<\/p>\n<p align=\"right\">\n\t&nbsp;\n<\/p>\n<p align=\"right\">\n\t&nbsp;<\/p>\n","protected":false},"excerpt":{"rendered":"<p>[singlepic id=466 w=50 h=50 float=]Comenius daugia&scaron;al\u0117s mokykl\u0173 partneryst\u0117s projekto &bdquo;Skirtingi, bet lygiateisiai Europoje&ldquo; susitikimas Vilniuje Lapkri\u010dio 26-27 dienomis Vilniaus Jono Basanavi\u010diaus gimnazijoje vie&scaron;\u0117jo sve\u010diai i&scaron; Rumunijos, Turkijos, Portugalijos, Italijos, Graikijos ir Pranc\u016bzijos. Tai pirmasis dviej\u0173 met\u0173 daugia&scaron;al\u0117s mokykl\u0173 partneryst\u0117s Comenius programos projekto &bdquo;Skirtingi, bet lygiateisiai Europoje&ldquo; susitikimas, kuriame dalyvavo 19 mokytoj\u0173 ir 16 mokini\u0173 i&scaron; [&hellip;]<\/p>\n","protected":false},"author":1,"featured_media":0,"parent":338,"menu_order":0,"comment_status":"closed","ping_status":"closed","template":"","meta":{"footnotes":""},"class_list":["post-1440","page","type-page","status-publish","hentry"],"_links":{"self":[{"href":"http:\/\/www.basanaviciaus.vilnius.lm.lt\/index.php?rest_route=\/wp\/v2\/pages\/1440","targetHints":{"allow":["GET"]}}],"collection":[{"href":"http:\/\/www.basanaviciaus.vilnius.lm.lt\/index.php?rest_route=\/wp\/v2\/pages"}],"about":[{"href":"http:\/\/www.basanaviciaus.vilnius.lm.lt\/index.php?rest_route=\/wp\/v2\/types\/page"}],"author":[{"embeddable":true,"href":"http:\/\/www.basanaviciaus.vilnius.lm.lt\/index.php?rest_route=\/wp\/v2\/users\/1"}],"replies":[{"embeddable":true,"href":"http:\/\/www.basanaviciaus.vilnius.lm.lt\/index.php?rest_route=%2Fwp%2Fv2%2Fcomments&post=1440"}],"version-history":[{"count":4,"href":"http:\/\/www.basanaviciaus.vilnius.lm.lt\/index.php?rest_route=\/wp\/v2\/pages\/1440\/revisions"}],"predecessor-version":[{"id":1444,"href":"http:\/\/www.basanaviciaus.vilnius.lm.lt\/index.php?rest_route=\/wp\/v2\/pages\/1440\/revisions\/1444"}],"up":[{"embeddable":true,"href":"http:\/\/www.basanaviciaus.vilnius.lm.lt\/index.php?rest_route=\/wp\/v2\/pages\/338"}],"wp:attachment":[{"href":"http:\/\/www.basanaviciaus.vilnius.lm.lt\/index.php?rest_route=%2Fwp%2Fv2%2Fmedia&parent=1440"}],"curies":[{"name":"wp","href":"https:\/\/api.w.org\/{rel}","templated":true}]}}

Comenius daugiašalės mokyklų partnerystės projekto „Skirtingi, bet lygiateisiai Europoje“ susitikimas Vilniuje

<p>
	[singlepic id=466 w=50 h=50 float=]<span style="color:#696969;"><span style="font-size:12px;"><span style="font-family:times new roman,times,serif;"><strong>Comenius daugia&scaron;alės mokyklų partnerystės projekto &bdquo;Skirtingi, bet lygiateisiai Europoje&ldquo; susitikimas Vilniuje</strong></span></span></span>
</p>
<p>
	<span style="font-family: 'times new roman', times, serif; font-size: 12px; color: rgb(105, 105, 105); line-height: 1.6em;">Lapkričio 26-27 dienomis Vilniaus Jono Basanavičiaus gimnazijoje vie&scaron;ėjo svečiai i&scaron; Rumunijos, Turkijos, Portugalijos, Italijos, Graikijos ir Prancūzijos. Tai pirmasis dviejų metų daugia&scaron;alės mokyklų partnerystės Comenius programos projekto &bdquo;Skirtingi, bet lygiateisiai Europoje&ldquo; susitikimas, kuriame dalyvavo 19 mokytojų ir 16 mokinių i&scaron; užsienio.</span>
</p>
<p>
	<span style="color:#696969;"><span style="font-size:12px;"><span style="font-family:times new roman,times,serif;">Projekto įgyvendinimo metu, bendradarbiaudami su kolegomis i&scaron; kitų &scaron;alių, pedagogai ir mokiniai turės galimybę pažinti kitas kultūras, tobulinti užsienio kalbų žinias, pasidalinti patirtimi, naujovi&scaron;komis mokymo praktikomis.</span></span></span>
</p>
<p>
	<span style="color:#696969;"><span style="font-size:12px;"><span style="font-family:times new roman,times,serif;">Pirmąją projekto dieną svečiai susipažino su gimnazija ir Vilniaus miestu. Taip pat dalyvavo oficialiame vizite Vilniaus miesto savivaldybėje, susitiko su Lygių galimybių kontrolieriaus tarnybos specialistais ir Vilniaus miesto savivaldybės administracijos &Scaron;vietimo, kultūros ir sporto departamento &Scaron;vietimo skyriaus vedėju. Antrąją dieną projekto dalyviai lankėsi Rum&scaron;i&scaron;kėse ir Trakuose, o atsisveikindami &scaron;ėlo atsisveikinimo vakarėlyje.</span></span></span>
</p>
<p>
	<span style="line-height: 1.6em;">[nggallery id=48]</span>
</p>
<p>
	<span style="color:#696969;"><span style="font-size:12px;"><span style="font-family:times new roman,times,serif;">Nekantriai laukiame kito susitikimo, kuris įvyks 2013 metų vasario mėnesį Turkijoje.</span></span></span>
</p>
<p>
	&nbsp;
</p>
<p>
	&nbsp;
</p>
<p align="right">
	&nbsp;
</p>
<p align="right">
	&nbsp;</p>

<p>[singlepic id=466 w=50 h=50 float=]Comenius daugia&scaron;alės mokyklų partnerystės projekto &bdquo;Skirtingi, bet lygiateisiai Europoje&ldquo; susitikimas Vilniuje Lapkričio 26-27 dienomis Vilniaus Jono Basanavičiaus gimnazijoje vie&scaron;ėjo svečiai i&scaron; Rumunijos, Turkijos, Portugalijos, Italijos, Graikijos ir Prancūzijos. Tai pirmasis dviejų metų daugia&scaron;alės mokyklų partnerystės Comenius programos projekto &bdquo;Skirtingi, bet lygiateisiai Europoje&ldquo; susitikimas, kuriame dalyvavo 19 mokytojų ir 16 mokinių i&scaron; [&hellip;]</p>
