{"id":1446,"date":"2013-04-22T19:46:23","date_gmt":"2013-04-22T16:46:23","guid":{"rendered":"http:\/\/www.basanaviciaus.vilnius.lm.lt\/?page_id=1446"},"modified":"2013-04-22T20:09:08","modified_gmt":"2013-04-22T17:09:08","slug":"comenius-daugiasales-mokyklu-partnerystes-projekto-skirtingi-bet-lygiateisiai-europoje-susitikimas-turkijoje","status":"publish","type":"page","link":"http:\/\/www.basanaviciaus.vilnius.lm.lt\/?page_id=1446","title":{"rendered":"Comenius daugia\u0161al\u0117s mokykl\u0173 partneryst\u0117s projekto \u201eSkirtingi, bet lygiateisiai Europoje\u201c susitikimas Turkijoje"},"content":{"rendered":"<p>\n\t[singlepic id=466 w=50 h=50 float=]<span style=\"color:#696969;\"><span style=\"font-size:12px;\"><span style=\"font-family:times new roman,times,serif;\"><strong>Comenius daugia&scaron;al\u0117s mokykl\u0173 partneryst\u0117s projekto &bdquo;Skirtingi, bet lygiateisiai Europoje&ldquo; susitikimas Turkijoje<\/strong><\/span><\/span><\/span>\n<\/p>\n<p>\n\t<span style=\"color:#696969;\"><span style=\"font-size:12px;\"><span style=\"font-family:times new roman,times,serif;\"><span style=\"line-height: 1.6em;\">2013 m. vasario 12-16 dienomis Vilniaus Jono Basanavi\u010diaus gimnazijos keturi mokiniai ir dvi mokytojos vie&scaron;\u0117jo Turkijoje, Karamursel mieste. Tai antrasis dviej\u0173 met\u0173 daugia&scaron;al\u0117s mokykl\u0173 partneryst\u0117s Comenius programos projekto &bdquo;Skirtingi, bet lygiateisiai Europoje&ldquo; susitikimas, kuriame dalyvavo mokiniai ir mokytojai i&scaron; 7 &scaron;ali\u0173.<\/span><\/span><\/span><\/span>\n<\/p>\n<p>\n\t<span style=\"color:#696969;\"><span style=\"font-size:12px;\"><span style=\"font-family:times new roman,times,serif;\">M\u016bs\u0173 gimnazijos mokiniai gyveno turk\u0173 &scaron;eimose, kur buvo priimti labai &scaron;iltai ir svetingai. Pirm\u0105j\u0105 projekto dien\u0105 sve\u010diai susipa\u017eino su Karamiurselio miestu ir mokykla. Antr\u0105j\u0105 dien\u0105 projekto dalyviai lank\u0117si Fordo automobili\u0173 gamykloje. Dalyvavo tradicini\u0173 r\u016bb\u0173 pristatyme. Tre\u010di\u0105j\u0105 dien\u0105 praleido Stambule &ndash; nepamir&scaron;tamos akimirkos lankant muziejus, r\u016bmus ir &#8230; gars\u0173j\u012f Stambulo turg\u0173.<\/span><\/span><\/span>\n<\/p>\n<p>\n\t<span style=\"color:#696969;\"><span style=\"font-size:12px;\"><span style=\"font-family:times new roman,times,serif;\">[nggallery id=49]<\/span><\/span><\/span>\n<\/p>\n<p>\n\t<span style=\"color:#696969;\"><span style=\"font-size:12px;\"><span style=\"font-family:times new roman,times,serif;\">Kitas susitikimas vyks 2013 met\u0173 baland\u017eio m\u0117nes\u012f Portugalijoje.<\/span><\/span><\/span><\/p>\n","protected":false},"excerpt":{"rendered":"<p>[singlepic id=466 w=50 h=50 float=]Comenius daugia&scaron;al\u0117s mokykl\u0173 partneryst\u0117s projekto &bdquo;Skirtingi, bet lygiateisiai Europoje&ldquo; susitikimas Turkijoje 2013 m. vasario 12-16 dienomis Vilniaus Jono Basanavi\u010diaus gimnazijos keturi mokiniai ir dvi mokytojos vie&scaron;\u0117jo Turkijoje, Karamursel mieste. Tai antrasis dviej\u0173 met\u0173 daugia&scaron;al\u0117s mokykl\u0173 partneryst\u0117s Comenius programos projekto &bdquo;Skirtingi, bet lygiateisiai Europoje&ldquo; susitikimas, kuriame dalyvavo mokiniai ir mokytojai i&scaron; 7 [&hellip;]<\/p>\n","protected":false},"author":1,"featured_media":0,"parent":338,"menu_order":0,"comment_status":"closed","ping_status":"closed","template":"","meta":{"footnotes":""},"class_list":["post-1446","page","type-page","status-publish","hentry"],"_links":{"self":[{"href":"http:\/\/www.basanaviciaus.vilnius.lm.lt\/index.php?rest_route=\/wp\/v2\/pages\/1446","targetHints":{"allow":["GET"]}}],"collection":[{"href":"http:\/\/www.basanaviciaus.vilnius.lm.lt\/index.php?rest_route=\/wp\/v2\/pages"}],"about":[{"href":"http:\/\/www.basanaviciaus.vilnius.lm.lt\/index.php?rest_route=\/wp\/v2\/types\/page"}],"author":[{"embeddable":true,"href":"http:\/\/www.basanaviciaus.vilnius.lm.lt\/index.php?rest_route=\/wp\/v2\/users\/1"}],"replies":[{"embeddable":true,"href":"http:\/\/www.basanaviciaus.vilnius.lm.lt\/index.php?rest_route=%2Fwp%2Fv2%2Fcomments&post=1446"}],"version-history":[{"count":4,"href":"http:\/\/www.basanaviciaus.vilnius.lm.lt\/index.php?rest_route=\/wp\/v2\/pages\/1446\/revisions"}],"predecessor-version":[{"id":1449,"href":"http:\/\/www.basanaviciaus.vilnius.lm.lt\/index.php?rest_route=\/wp\/v2\/pages\/1446\/revisions\/1449"}],"up":[{"embeddable":true,"href":"http:\/\/www.basanaviciaus.vilnius.lm.lt\/index.php?rest_route=\/wp\/v2\/pages\/338"}],"wp:attachment":[{"href":"http:\/\/www.basanaviciaus.vilnius.lm.lt\/index.php?rest_route=%2Fwp%2Fv2%2Fmedia&parent=1446"}],"curies":[{"name":"wp","href":"https:\/\/api.w.org\/{rel}","templated":true}]}}

Comenius daugiašalės mokyklų partnerystės projekto „Skirtingi, bet lygiateisiai Europoje“ susitikimas Turkijoje

<p>
	[singlepic id=466 w=50 h=50 float=]<span style="color:#696969;"><span style="font-size:12px;"><span style="font-family:times new roman,times,serif;"><strong>Comenius daugia&scaron;alės mokyklų partnerystės projekto &bdquo;Skirtingi, bet lygiateisiai Europoje&ldquo; susitikimas Turkijoje</strong></span></span></span>
</p>
<p>
	<span style="color:#696969;"><span style="font-size:12px;"><span style="font-family:times new roman,times,serif;"><span style="line-height: 1.6em;">2013 m. vasario 12-16 dienomis Vilniaus Jono Basanavičiaus gimnazijos keturi mokiniai ir dvi mokytojos vie&scaron;ėjo Turkijoje, Karamursel mieste. Tai antrasis dviejų metų daugia&scaron;alės mokyklų partnerystės Comenius programos projekto &bdquo;Skirtingi, bet lygiateisiai Europoje&ldquo; susitikimas, kuriame dalyvavo mokiniai ir mokytojai i&scaron; 7 &scaron;alių.</span></span></span></span>
</p>
<p>
	<span style="color:#696969;"><span style="font-size:12px;"><span style="font-family:times new roman,times,serif;">Mūsų gimnazijos mokiniai gyveno turkų &scaron;eimose, kur buvo priimti labai &scaron;iltai ir svetingai. Pirmąją projekto dieną svečiai susipažino su Karamiurselio miestu ir mokykla. Antrąją dieną projekto dalyviai lankėsi Fordo automobilių gamykloje. Dalyvavo tradicinių rūbų pristatyme. Trečiąją dieną praleido Stambule &ndash; nepamir&scaron;tamos akimirkos lankant muziejus, rūmus ir &#8230; garsųjį Stambulo turgų.</span></span></span>
</p>
<p>
	<span style="color:#696969;"><span style="font-size:12px;"><span style="font-family:times new roman,times,serif;">[nggallery id=49]</span></span></span>
</p>
<p>
	<span style="color:#696969;"><span style="font-size:12px;"><span style="font-family:times new roman,times,serif;">Kitas susitikimas vyks 2013 metų balandžio mėnesį Portugalijoje.</span></span></span></p>

<p>[singlepic id=466 w=50 h=50 float=]Comenius daugia&scaron;alės mokyklų partnerystės projekto &bdquo;Skirtingi, bet lygiateisiai Europoje&ldquo; susitikimas Turkijoje 2013 m. vasario 12-16 dienomis Vilniaus Jono Basanavičiaus gimnazijos keturi mokiniai ir dvi mokytojos vie&scaron;ėjo Turkijoje, Karamursel mieste. Tai antrasis dviejų metų daugia&scaron;alės mokyklų partnerystės Comenius programos projekto &bdquo;Skirtingi, bet lygiateisiai Europoje&ldquo; susitikimas, kuriame dalyvavo mokiniai ir mokytojai i&scaron; 7 [&hellip;]</p>
