{"id":20301,"date":"2021-03-14T18:46:41","date_gmt":"2021-03-14T16:46:41","guid":{"rendered":"http:\/\/www.basanaviciaus.vilnius.lm.lt\/?page_id=20301"},"modified":"2024-11-21T14:30:34","modified_gmt":"2024-11-21T12:30:34","slug":"jono-basanaviciaus-muziejus","status":"publish","type":"page","link":"http:\/\/www.basanaviciaus.vilnius.lm.lt\/?page_id=20301","title":{"rendered":"Gimnazijos muziejus"},"content":{"rendered":"<div data-colibri-id=\"20301-c1\" class=\"style-2476 style-local-20301-c1 position-relative\">\n  <!---->\n  <div data-colibri-component=\"section\" data-colibri-id=\"20301-c2\" id=\"custom\" class=\"h-section h-section-global-spacing d-flex align-items-lg-center align-items-md-center align-items-center style-2477 style-local-20301-c2 position-relative\">\n    <!---->\n    <!---->\n    <div class=\"h-section-grid-container h-section-boxed-container\">\n      <!---->\n      <div data-colibri-id=\"20301-c3\" class=\"h-row-container gutters-row-lg-2 gutters-row-md-2 gutters-row-0 gutters-row-v-lg-2 gutters-row-v-md-2 gutters-row-v-2 style-2478 style-local-20301-c3 position-relative\">\n        <!---->\n        <div class=\"h-row justify-content-lg-center justify-content-md-center justify-content-center align-items-lg-stretch align-items-md-stretch align-items-stretch gutters-col-lg-2 gutters-col-md-2 gutters-col-0 gutters-col-v-lg-2 gutters-col-v-md-2 gutters-col-v-2\">\n          <!---->\n          <div class=\"h-column h-column-container d-flex h-col-lg-auto h-col-md-auto h-col-auto style-2479-outer style-local-20301-c4-outer\">\n            <div data-colibri-id=\"20301-c4\" class=\"d-flex h-flex-basis h-column__inner h-px-lg-2 h-px-md-2 h-px-2 v-inner-lg-2 v-inner-md-2 v-inner-2 style-2479 style-local-20301-c4 position-relative\">\n              <!---->\n              <!---->\n              <div class=\"w-100 h-y-container h-column__content h-column__v-align flex-basis-100 align-self-lg-start align-self-md-start align-self-start\">\n                <!---->\n                <div data-colibri-id=\"20301-c5\" class=\"d-block style-2481 style-local-20301-c5 position-relative h-element\">\n                  <!---->\n                  <div class=\"h-image__frame-container-outer\">\n                    <div class=\"h-image__frame-container\">\n                      <!---->\n                      <!---->\n                      <img loading=\"lazy\" decoding=\"async\" width=\"473\" height=\"454\" src=\"http:\/\/www.basanaviciaus.vilnius.lm.lt\/wp-content\/uploads\/2020\/04\/cropped-1-8.jpg\" class=\"wp-image-20307 style-2481-image style-local-20301-c5-image\" alt=\"\" srcset=\"http:\/\/www.basanaviciaus.vilnius.lm.lt\/wp-content\/uploads\/2020\/04\/cropped-1-8.jpg 473w, http:\/\/www.basanaviciaus.vilnius.lm.lt\/wp-content\/uploads\/2020\/04\/cropped-1-8-300x288.jpg 300w\" sizes=\"auto, (max-width: 473px) 100vw, 473px\" \/>\n                      <div class=\"h-image__frame h-hide-lg h-hide-md h-hide-sm style-2481-frameImage style-local-20301-c5-frameImage\"><\/div>\n                    <\/div>\n                  <\/div>\n                <\/div>\n              <\/div>\n            <\/div>\n          <\/div>\n          <div class=\"h-column h-column-container d-flex h-col-lg-auto h-col-md-auto h-col-auto style-2480-outer style-local-20301-c6-outer\">\n            <div data-colibri-id=\"20301-c6\" class=\"d-flex h-flex-basis h-column__inner h-px-lg-2 h-px-md-2 h-px-2 v-inner-lg-2 v-inner-md-2 v-inner-2 style-2480 style-local-20301-c6 position-relative\">\n              <!---->\n              <!---->\n              <div class=\"w-100 h-y-container h-column__content h-column__v-align flex-basis-100 align-self-lg-start align-self-md-start align-self-start\">\n                <!---->\n                <div data-colibri-id=\"20301-c7\" class=\"h-text h-text-component style-2482 style-local-20301-c7 position-relative h-element\">\n                  <!---->\n                  <!---->\n                  <div class=\"\">\n                    <p>\n                      <br>\n                    <\/p>\n                    <p>Muziejuje gausu \u012fvairi\u0173 eksponat\u0173.<\/p>\n                    <p>Tik \u012f\u0117jus pasitinka Tautos kult\u016bros medis, kurio lapeliai primena Lietuvai svarbius \u017emones.<\/p>\n                    <p>Jono Basanavi\u010diaus gyvenimui, jo darbams, Jono Basanavi\u010diaus premijos laureatams skirta stendin\u0117 ekspozicija.<\/p>\n                    <p>Gimnazijos istorij\u0105 mena nuotraukos, stendai, abiturient\u0173 vinjet\u0117s, \u0161imtadieni\u0173 testamentai, kalendoriai, pad\u0117kos mokiniams ir mokytojams, m\u0117nra\u0161\u010dio ,,Ritmas\u201c rinkiniai.<span style=\"font-weight: 400; font-size: 15px; font-family: &quot;Segoe UI Historic&quot;, &quot;Segoe UI&quot;, Helvetica, Arial, sans-serif; color: rgb(5, 5, 5);\">\ufeff<\/span><\/p>\n                  <\/div>\n                <\/div>\n                <div data-colibri-id=\"20301-c8\" class=\"h-x-container style-2483 style-local-20301-c8 position-relative h-element\">\n                  <!---->\n                  <div class=\"h-x-container-inner style-dynamic-20301-c8-group style-2483-spacing style-local-20301-c8-spacing\"><span class=\"h-link__outer style-2484-outer style-local-20301-c9-outer d-inline-flex h-element\"><a h-use-smooth-scroll=\"true\" href=\"http:\/\/www.basanaviciaus.vilnius.lm.lt\/?page_id=20305\"  data-colibri-id=\"20301-c9\" class=\"d-flex w-100 align-items-center h-link style-2484 style-local-20301-c9 position-relative\"><!----><!----> <span>Skaityti pla\u010diau&#8230;<\/span><\/a>\n                    <\/span>\n                  <\/div>\n                <\/div>\n              <\/div>\n            <\/div>\n          <\/div>\n        <\/div>\n      <\/div>\n    <\/div>\n  <\/div>\n  <div data-colibri-component=\"section\" data-colibri-id=\"20301-c10\" id=\"custom-3\" class=\"h-section h-section-global-spacing d-flex align-items-lg-center align-items-md-center align-items-center style-2510 style-local-20301-c10 position-relative\">\n    <!---->\n    <!---->\n    <div class=\"h-section-grid-container h-section-boxed-container\">\n      <!---->\n      <div data-colibri-id=\"20301-c11\" class=\"h-row-container gutters-row-lg-2 gutters-row-md-2 gutters-row-0 gutters-row-v-lg-2 gutters-row-v-md-2 gutters-row-v-2 style-2511 style-local-20301-c11 position-relative\">\n        <!---->\n        <div class=\"h-row justify-content-lg-center justify-content-md-center justify-content-center align-items-lg-stretch align-items-md-stretch align-items-stretch gutters-col-lg-2 gutters-col-md-2 gutters-col-0 gutters-col-v-lg-2 gutters-col-v-md-2 gutters-col-v-2\">\n          <!---->\n          <div class=\"h-column h-column-container d-flex h-col-lg-auto h-col-md-auto h-col-auto style-2512-outer style-local-20301-c12-outer\">\n            <div data-colibri-id=\"20301-c12\" class=\"d-flex h-flex-basis h-column__inner h-px-lg-2 h-px-md-2 h-px-2 v-inner-lg-2 v-inner-md-2 v-inner-2 style-2512 style-local-20301-c12 position-relative\">\n              <!---->\n              <!---->\n              <div class=\"w-100 h-y-container h-column__content h-column__v-align flex-basis-100 align-self-lg-start align-self-md-start align-self-start\">\n                <!---->\n                <div data-colibri-id=\"20301-c13\" class=\"d-block style-2515 style-local-20301-c13 position-relative h-element\">\n                  <!---->\n                  <div class=\"h-image__frame-container-outer\">\n                    <div class=\"h-image__frame-container\">\n                      <!---->\n                      <!---->\n                      <img loading=\"lazy\" decoding=\"async\" width=\"552\" height=\"768\" src=\"http:\/\/www.basanaviciaus.vilnius.lm.lt\/wp-content\/uploads\/2020\/04\/cropped-Gimnazijos-atributika-1.jpg\" class=\"wp-image-20351 style-2515-image style-local-20301-c13-image\" alt=\"\" srcset=\"http:\/\/www.basanaviciaus.vilnius.lm.lt\/wp-content\/uploads\/2020\/04\/cropped-Gimnazijos-atributika-1.jpg 552w, http:\/\/www.basanaviciaus.vilnius.lm.lt\/wp-content\/uploads\/2020\/04\/cropped-Gimnazijos-atributika-1-216x300.jpg 216w\" sizes=\"auto, (max-width: 552px) 100vw, 552px\" \/>\n                      <div class=\"h-image__frame h-hide-lg h-hide-md h-hide-sm style-2515-frameImage style-local-20301-c13-frameImage\"><\/div>\n                    <\/div>\n                  <\/div>\n                <\/div>\n                <div data-colibri-id=\"20301-c14\" class=\"h-global-transition-all h-heading style-2518 style-local-20301-c14 position-relative h-element\">\n                  <!---->\n                  <div class=\"h-heading__outer style-2518 style-local-20301-c14\">\n                    <!---->\n                    <!---->\n                    <h4 class=\"\">Gimnazijos istorija<\/h4>\n                  <\/div>\n                <\/div>\n                <div data-colibri-id=\"20301-c15\" class=\"h-x-container style-2524 style-local-20301-c15 position-relative h-element\">\n                  <!---->\n                  <div class=\"h-x-container-inner style-dynamic-20301-c15-group style-2524-spacing style-local-20301-c15-spacing\"><span class=\"h-link__outer style-2525-outer style-local-20301-c16-outer d-inline-flex h-element\"><a h-use-smooth-scroll=\"true\" href=\"http:\/\/www.basanaviciaus.vilnius.lm.lt\/?page_id=20352\"  data-colibri-id=\"20301-c16\" class=\"d-flex w-100 align-items-center h-link style-2525 style-local-20301-c16 position-relative\"><!----><!----> <span>Skaityti pla\u010diau&#8230;<\/span><\/a>\n                    <\/span>\n                  <\/div>\n                <\/div>\n              <\/div>\n            <\/div>\n          <\/div>\n          <div class=\"h-column h-column-container d-flex h-col-lg-auto h-col-md-auto h-col-auto style-2513-outer style-local-20301-c17-outer\">\n            <div data-colibri-id=\"20301-c17\" class=\"d-flex h-flex-basis h-column__inner h-px-lg-2 h-px-md-2 h-px-2 v-inner-lg-2 v-inner-md-2 v-inner-2 style-2513 style-local-20301-c17 position-relative\">\n              <!---->\n              <!---->\n              <div class=\"w-100 h-y-container h-column__content h-column__v-align flex-basis-100 align-self-lg-start align-self-md-start align-self-start\">\n                <!---->\n                <div data-colibri-id=\"20301-c18\" class=\"d-block style-2516 style-local-20301-c18 position-relative h-element\">\n                  <!---->\n                  <div class=\"h-image__frame-container-outer\">\n                    <div class=\"h-image__frame-container\">\n                      <!---->\n                      <!---->\n                      <img loading=\"lazy\" decoding=\"async\" width=\"390\" height=\"749\" src=\"http:\/\/www.basanaviciaus.vilnius.lm.lt\/wp-content\/uploads\/2020\/04\/cropped-2-7-2.jpg\" class=\"wp-image-20410 style-2516-image style-local-20301-c18-image\" alt=\"\" srcset=\"http:\/\/www.basanaviciaus.vilnius.lm.lt\/wp-content\/uploads\/2020\/04\/cropped-2-7-2.jpg 390w, http:\/\/www.basanaviciaus.vilnius.lm.lt\/wp-content\/uploads\/2020\/04\/cropped-2-7-2-156x300.jpg 156w\" sizes=\"auto, (max-width: 390px) 100vw, 390px\" \/>\n                      <div class=\"h-image__frame h-hide-lg h-hide-md h-hide-sm style-2516-frameImage style-local-20301-c18-frameImage\"><\/div>\n                    <\/div>\n                  <\/div>\n                <\/div>\n                <div data-colibri-id=\"20301-c19\" class=\"h-global-transition-all h-heading style-2519 style-local-20301-c19 position-relative h-element\">\n                  <!---->\n                  <div class=\"h-heading__outer style-2519 style-local-20301-c19\">\n                    <!---->\n                    <!---->\n                    <h4 class=\"\">Etnografin\u0117 ekspozicija<\/h4>\n                  <\/div>\n                <\/div>\n                <div data-colibri-id=\"20301-c20\" class=\"h-x-container style-2526 style-local-20301-c20 position-relative h-element\">\n                  <!---->\n                  <div class=\"h-x-container-inner style-dynamic-20301-c20-group style-2526-spacing style-local-20301-c20-spacing\"><span class=\"h-link__outer style-2527-outer style-local-20301-c21-outer d-inline-flex h-element\"><a h-use-smooth-scroll=\"true\" href=\" http:\/\/www.basanaviciaus.vilnius.lm.lt\/?page_id=20393\"  data-colibri-id=\"20301-c21\" class=\"d-flex w-100 align-items-center h-link style-2527 style-local-20301-c21 position-relative\"><!----><!----> <span>Skaityti pla\u010diau&#8230;<\/span><\/a>\n                    <\/span>\n                  <\/div>\n                <\/div>\n              <\/div>\n            <\/div>\n          <\/div>\n          <div class=\"h-column h-column-container d-flex h-col-lg-auto h-col-md-auto h-col-auto style-2514-outer style-local-20301-c22-outer\">\n            <div data-colibri-id=\"20301-c22\" class=\"d-flex h-flex-basis h-column__inner h-px-lg-2 h-px-md-2 h-px-2 v-inner-lg-2 v-inner-md-2 v-inner-2 style-2514 style-local-20301-c22 position-relative\">\n              <!---->\n              <!---->\n              <div class=\"w-100 h-y-container h-column__content h-column__v-align flex-basis-100 align-self-lg-start align-self-md-start align-self-start\">\n                <!---->\n                <div data-colibri-id=\"20301-c23\" class=\"d-block style-2517 style-local-20301-c23 position-relative h-element\">\n                  <!---->\n                  <div class=\"h-image__frame-container-outer\">\n                    <div class=\"h-image__frame-container\">\n                      <!---->\n                      <!---->\n                      <img loading=\"lazy\" decoding=\"async\" width=\"514\" height=\"741\" src=\"http:\/\/www.basanaviciaus.vilnius.lm.lt\/wp-content\/uploads\/2020\/04\/cropped-\u0104\u017euolo-lapai.jpg\" class=\"wp-image-20442 style-2517-image style-local-20301-c23-image\" alt=\"\" srcset=\"http:\/\/www.basanaviciaus.vilnius.lm.lt\/wp-content\/uploads\/2020\/04\/cropped-\u0104\u017euolo-lapai.jpg 514w, http:\/\/www.basanaviciaus.vilnius.lm.lt\/wp-content\/uploads\/2020\/04\/cropped-\u0104\u017euolo-lapai-208x300.jpg 208w\" sizes=\"auto, (max-width: 514px) 100vw, 514px\" \/>\n                      <div class=\"h-image__frame h-hide-lg h-hide-md h-hide-sm style-2517-frameImage style-local-20301-c23-frameImage\"><\/div>\n                    <\/div>\n                  <\/div>\n                <\/div>\n                <div data-colibri-id=\"20301-c24\" class=\"h-global-transition-all h-heading style-2523 style-local-20301-c24 position-relative h-element\">\n                  <!---->\n                  <div class=\"h-heading__outer style-2523 style-local-20301-c24\">\n                    <!---->\n                    <!---->\n                    <h4 class=\"\">Ekspozicija dr. Jonui Basanavi\u010diui<\/h4>\n                  <\/div>\n                <\/div>\n                <div data-colibri-id=\"20301-c25\" class=\"h-x-container style-2528 style-local-20301-c25 position-relative h-element\">\n                  <!---->\n                  <div class=\"h-x-container-inner style-dynamic-20301-c25-group style-2528-spacing style-local-20301-c25-spacing\"><span class=\"h-link__outer style-2529-outer style-local-20301-c26-outer d-inline-flex h-element\"><a h-use-smooth-scroll=\"true\" href=\"http:\/\/www.basanaviciaus.vilnius.lm.lt\/?page_id=20449\"  data-colibri-id=\"20301-c26\" class=\"d-flex w-100 align-items-center h-link style-2529 style-local-20301-c26 position-relative\"><!----><!----> <span>Skaityti pla\u010diau&#8230;<\/span><\/a>\n                    <\/span>\n                  <\/div>\n                <\/div>\n              <\/div>\n            <\/div>\n          <\/div>\n        <\/div>\n      <\/div>\n    <\/div>\n  <\/div>\n  <div data-colibri-component=\"section\" data-colibri-id=\"20301-c27\" id=\"custom-2\" class=\"h-section h-section-global-spacing d-flex align-items-lg-center align-items-md-center align-items-center style-2530 style-local-20301-c27 position-relative\">\n    <!---->\n    <!---->\n    <div class=\"h-section-grid-container h-section-boxed-container\">\n      <!---->\n      <div data-colibri-id=\"20301-c28\" class=\"h-row-container gutters-row-lg-2 gutters-row-md-2 gutters-row-0 gutters-row-v-lg-2 gutters-row-v-md-2 gutters-row-v-2 style-2531 style-local-20301-c28 position-relative\">\n        <!---->\n        <div class=\"h-row justify-content-lg-center justify-content-md-center justify-content-center align-items-lg-stretch align-items-md-stretch align-items-stretch gutters-col-lg-2 gutters-col-md-2 gutters-col-0 gutters-col-v-lg-2 gutters-col-v-md-2 gutters-col-v-2\">\n          <!---->\n          <div class=\"h-column h-column-container d-flex h-col-lg-auto h-col-md-auto h-col-auto style-2532-outer style-local-20301-c29-outer\">\n            <div data-colibri-id=\"20301-c29\" class=\"d-flex h-flex-basis h-column__inner h-px-lg-2 h-px-md-2 h-px-2 v-inner-lg-2 v-inner-md-2 v-inner-2 style-2532 style-local-20301-c29 position-relative\">\n              <!---->\n              <!---->\n              <div class=\"w-100 h-y-container h-column__content h-column__v-align flex-basis-100 align-self-lg-start align-self-md-start align-self-start\">\n                <!---->\n                <div data-colibri-id=\"20301-c30\" class=\"d-block style-2535 style-local-20301-c30 position-relative h-element\">\n                  <!---->\n                  <div class=\"h-image__frame-container-outer\">\n                    <div class=\"h-image__frame-container\">\n                      <!---->\n                      <!---->\n                      <img loading=\"lazy\" decoding=\"async\" width=\"535\" height=\"712\" src=\"http:\/\/www.basanaviciaus.vilnius.lm.lt\/wp-content\/uploads\/2020\/04\/cropped-Knyg\u0173-ekspozicija.jpg\" class=\"wp-image-20498 style-2535-image style-local-20301-c30-image\" alt=\"\" srcset=\"http:\/\/www.basanaviciaus.vilnius.lm.lt\/wp-content\/uploads\/2020\/04\/cropped-Knyg\u0173-ekspozicija.jpg 535w, http:\/\/www.basanaviciaus.vilnius.lm.lt\/wp-content\/uploads\/2020\/04\/cropped-Knyg\u0173-ekspozicija-225x300.jpg 225w\" sizes=\"auto, (max-width: 535px) 100vw, 535px\" \/>\n                      <div class=\"h-image__frame h-hide-lg h-hide-md h-hide-sm style-2535-frameImage style-local-20301-c30-frameImage\"><\/div>\n                    <\/div>\n                  <\/div>\n                <\/div>\n                <div data-colibri-id=\"20301-c31\" class=\"h-global-transition-all h-heading style-2538 style-local-20301-c31 position-relative h-element\">\n                  <!---->\n                  <div class=\"h-heading__outer style-2538 style-local-20301-c31\">\n                    <!---->\n                    <!---->\n                    <h4 class=\"\">SEN\u0172J\u0172 LEIDINI\u0172 EKSPOZICIJA<\/h4>\n                  <\/div>\n                <\/div>\n              <\/div>\n            <\/div>\n          <\/div>\n          <div class=\"h-column h-column-container d-flex h-col-lg-auto h-col-md-auto h-col-auto style-2533-outer style-local-20301-c32-outer\">\n            <div data-colibri-id=\"20301-c32\" class=\"d-flex h-flex-basis h-column__inner h-px-lg-2 h-px-md-2 h-px-2 v-inner-lg-2 v-inner-md-2 v-inner-2 style-2533 style-local-20301-c32 position-relative\">\n              <!---->\n              <!---->\n              <div class=\"w-100 h-y-container h-column__content h-column__v-align flex-basis-100 align-self-lg-start align-self-md-start align-self-start\">\n                <!---->\n                <div data-colibri-id=\"20301-c33\" class=\"d-block style-2536 style-local-20301-c33 position-relative h-element\">\n                  <!---->\n                  <div class=\"h-image__frame-container-outer\">\n                    <div class=\"h-image__frame-container\">\n                      <!---->\n                      <!---->\n                      <img loading=\"lazy\" decoding=\"async\" width=\"424\" height=\"739\" src=\"http:\/\/www.basanaviciaus.vilnius.lm.lt\/wp-content\/uploads\/2020\/04\/cropped-Virginijos-uniforma.jpg\" class=\"wp-image-20500 style-2536-image style-local-20301-c33-image\" alt=\"\" srcset=\"http:\/\/www.basanaviciaus.vilnius.lm.lt\/wp-content\/uploads\/2020\/04\/cropped-Virginijos-uniforma.jpg 424w, http:\/\/www.basanaviciaus.vilnius.lm.lt\/wp-content\/uploads\/2020\/04\/cropped-Virginijos-uniforma-172x300.jpg 172w\" sizes=\"auto, (max-width: 424px) 100vw, 424px\" \/>\n                      <div class=\"h-image__frame h-hide-lg h-hide-md h-hide-sm style-2536-frameImage style-local-20301-c33-frameImage\"><\/div>\n                    <\/div>\n                  <\/div>\n                <\/div>\n                <div data-colibri-id=\"20301-c34\" class=\"h-global-transition-all h-heading style-2539 style-local-20301-c34 position-relative h-element\">\n                  <!---->\n                  <div class=\"h-heading__outer style-2539 style-local-20301-c34\">\n                    <!---->\n                    <!---->\n                    <h4 class=\"\">\u012evair\u016bs eksponatai, dovanos<\/h4>\n                  <\/div>\n                <\/div>\n                <div data-colibri-id=\"20301-c35\" class=\"h-x-container style-2543 style-local-20301-c35 position-relative h-element\">\n                  <!---->\n                  <div class=\"h-x-container-inner style-dynamic-20301-c35-group style-2543-spacing style-local-20301-c35-spacing\"><span class=\"h-link__outer style-2544-outer style-local-20301-c36-outer d-inline-flex h-element\"><a h-use-smooth-scroll=\"true\" href=\"http:\/\/www.basanaviciaus.vilnius.lm.lt\/?page_id=20501\"  data-colibri-id=\"20301-c36\" class=\"d-flex w-100 align-items-center h-link style-2544 style-local-20301-c36 position-relative\"><!----><!----> <span>Skaityti pla\u010diau&#8230;<\/span><\/a>\n                    <\/span>\n                  <\/div>\n                <\/div>\n              <\/div>\n            <\/div>\n          <\/div>\n        <\/div>\n      <\/div>\n    <\/div>\n  <\/div>\n<\/div>","protected":false},"excerpt":{"rendered":"<p>Muziejuje gausu \u012fvairi\u0173 eksponat\u0173. Tik \u012f\u0117jus pasitinka Tautos kult\u016bros medis, kurio lapeliai primena Lietuvai svarbius \u017emones. Jono Basanavi\u010diaus gyvenimui, jo darbams, Jono Basanavi\u010diaus premijos laureatams skirta stendin\u0117 ekspozicija. Gimnazijos istorij\u0105 mena nuotraukos, stendai, abiturient\u0173 vinjet\u0117s, \u0161imtadieni\u0173 testamentai, kalendoriai, pad\u0117kos mokiniams ir mokytojams, m\u0117nra\u0161\u010dio ,,Ritmas\u201c rinkiniai.\ufeff Skaityti pla\u010diau&#8230; Gimnazijos istorija Skaityti pla\u010diau&#8230; Etnografin\u0117 ekspozicija Skaityti pla\u010diau&#8230; [&hellip;]<\/p>\n","protected":false},"author":1,"featured_media":0,"parent":7,"menu_order":0,"comment_status":"closed","ping_status":"closed","template":"page-templates\/full-width-page.php","meta":{"footnotes":""},"class_list":["post-20301","page","type-page","status-publish","hentry"],"_links":{"self":[{"href":"http:\/\/www.basanaviciaus.vilnius.lm.lt\/index.php?rest_route=\/wp\/v2\/pages\/20301","targetHints":{"allow":["GET"]}}],"collection":[{"href":"http:\/\/www.basanaviciaus.vilnius.lm.lt\/index.php?rest_route=\/wp\/v2\/pages"}],"about":[{"href":"http:\/\/www.basanaviciaus.vilnius.lm.lt\/index.php?rest_route=\/wp\/v2\/types\/page"}],"author":[{"embeddable":true,"href":"http:\/\/www.basanaviciaus.vilnius.lm.lt\/index.php?rest_route=\/wp\/v2\/users\/1"}],"replies":[{"embeddable":true,"href":"http:\/\/www.basanaviciaus.vilnius.lm.lt\/index.php?rest_route=%2Fwp%2Fv2%2Fcomments&post=20301"}],"version-history":[{"count":20,"href":"http:\/\/www.basanaviciaus.vilnius.lm.lt\/index.php?rest_route=\/wp\/v2\/pages\/20301\/revisions"}],"predecessor-version":[{"id":30646,"href":"http:\/\/www.basanaviciaus.vilnius.lm.lt\/index.php?rest_route=\/wp\/v2\/pages\/20301\/revisions\/30646"}],"up":[{"embeddable":true,"href":"http:\/\/www.basanaviciaus.vilnius.lm.lt\/index.php?rest_route=\/wp\/v2\/pages\/7"}],"wp:attachment":[{"href":"http:\/\/www.basanaviciaus.vilnius.lm.lt\/index.php?rest_route=%2Fwp%2Fv2%2Fmedia&parent=20301"}],"curies":[{"name":"wp","href":"https:\/\/api.w.org\/{rel}","templated":true}]}}