{"id":31227,"date":"2025-05-29T08:42:41","date_gmt":"2025-05-29T05:42:41","guid":{"rendered":"http:\/\/www.basanaviciaus.vilnius.lm.lt\/?page_id=31227"},"modified":"2026-01-14T14:01:02","modified_gmt":"2026-01-14T12:01:02","slug":"savivaldybes-vidinis-informacijos-apie-pazeidimus-teikimo-kanalas","status":"publish","type":"page","link":"http:\/\/www.basanaviciaus.vilnius.lm.lt\/?page_id=31227","title":{"rendered":"Savivaldyb\u0117s vidinis informacijos apie pa\u017eeidimus teikimo kanalas"},"content":{"rendered":"<div data-colibri-id=\"31227-c1\" class=\"style-6025 style-local-31227-c1 position-relative\">\n  <!---->\n  <div data-colibri-component=\"section\" data-colibri-id=\"31227-c6\" id=\"custom\" class=\"h-section h-section-global-spacing d-flex align-items-lg-center align-items-md-center align-items-center style-6030 style-local-31227-c6 position-relative\">\n    <!---->\n    <!---->\n    <div class=\"h-section-grid-container h-section-boxed-container\">\n      <!---->\n      <div data-colibri-id=\"31227-c7\" class=\"h-row-container gutters-row-lg-2 gutters-row-md-2 gutters-row-0 gutters-row-v-lg-2 gutters-row-v-md-2 gutters-row-v-2 style-6031 style-local-31227-c7 position-relative\">\n        <!---->\n        <div class=\"h-row justify-content-lg-center justify-content-md-center justify-content-center align-items-lg-stretch align-items-md-stretch align-items-stretch gutters-col-lg-2 gutters-col-md-2 gutters-col-0 gutters-col-v-lg-2 gutters-col-v-md-2 gutters-col-v-2\">\n          <!---->\n          <div class=\"h-column h-column-container d-flex h-col-lg-auto h-col-md-auto h-col-auto style-6032-outer style-local-31227-c8-outer\">\n            <div data-colibri-id=\"31227-c8\" class=\"d-flex h-flex-basis h-column__inner h-px-lg-2 h-px-md-2 h-px-2 v-inner-lg-2 v-inner-md-2 v-inner-2 style-6032 style-local-31227-c8 position-relative\">\n              <!---->\n              <!---->\n              <div class=\"w-100 h-y-container h-column__content h-column__v-align flex-basis-100 align-self-lg-start align-self-md-start align-self-start\">\n                <!---->\n                <div data-colibri-id=\"31227-c9\" class=\"h-global-transition-all h-heading style-6033 style-local-31227-c9 position-relative h-element\">\n                  <!---->\n                  <div class=\"h-heading__outer style-6033 style-local-31227-c9\">\n                    <!---->\n                    <!---->\n                    <h4 class=\"\">Prane\u0161imus apie pa\u017eeidimus Savivaldyb\u0117s vidiniu kanalu gali pateikti asmenys, su\u017einoj\u0119 apie pa\u017eeidim\u0105 \u012fstaigoje i\u0161 savo turim\u0173 ar tur\u0117t\u0173 darbo ar sutartini\u0173 (konsultavimo, rangos, subrangos, sta\u017euot\u0117s, praktikos, savanori\u0161kos veiklos\n                      ir pan.)<\/h4>\n                  <\/div>\n                <\/div>\n                <div data-colibri-id=\"31227-c10\" class=\"h-text h-text-component style-6034 style-local-31227-c10 position-relative h-element\">\n                  <!---->\n                  <!---->\n                  <div class=\"\">\n                    <p>Santyki\u0173 su \u0161ia \u012fstaiga arba \u012fdarbinimo ar kit\u0173 ikisutartini\u0173 santyki\u0173 metu, taip pat informacij\u0105 apie pa\u017eeidim\u0105 pateikiantis savaranki\u0161kai dirban\u010dio asmens status\u0105 turintis asmuo, akcininkas ar asmuo, priklausantis \u012fmon\u0117s administraciniam,\n                      valdymo ar prie\u017ei\u016bros organui (\u012fskaitant vykdom\u0173j\u0173 gali\u0173 neturin\u010dius narius, taip pat savanorius ir apmokamus ar neapmokamus sta\u017euotojus), arba bet kuris fizinis asmuo, dirbantis pri\u017ei\u016brint ir vadovaujant rangovams, subrangovams\n                      ir (ar) tiek\u0117jams.<\/p>\n                    <p>\n                      <a href=\"https:\/\/vilnius.lt\/savivaldybe\/savivaldybes-vidinis-kanalas\/savivaldybes-vidinis-informacijos-apie-pazeidimus-teikimo-kanalas-vidinis-kanalas\" target=\"_blank\" class=\"customize-unpreviewable\" style=\"font-family: Roboto, sans-serif; font-size: 15px; font-weight: 400; color: rgb(45, 49, 101);\" rel=\"noopener noreferrer\">Savivaldyb\u0117s vidinis kanalas<\/a>\n                    <\/p>\n                  <\/div>\n                <\/div>\n                <div data-colibri-id=\"31227-c12\" class=\"h-global-transition-all h-heading style-6036 style-local-31227-c12 position-relative h-element\">\n                  <!---->\n                  <div class=\"h-heading__outer style-6036 style-local-31227-c12\">\n                    <!---->\n                    <!---->\n                    <h5 class=\"\">D\u0117mesio!<\/h5>\n                  <\/div>\n                <\/div>\n                <div data-colibri-id=\"31227-c13\" class=\"h-text h-text-component style-6037 style-local-31227-c13 position-relative h-element\">\n                  <!---->\n                  <!---->\n                  <div class=\"\">\n                    <p>Informacija apie pa\u017eeidimus teikiama siekiant apsaugoti vie\u0161\u0105j\u012f interes\u0105. informacijos pateikimas siekiant apginti i\u0161skirtinai asmeninius interesus nelaikomas prane\u0161imu, nagrin\u0117jamu pagal \u012fstatym\u0105<\/p>\n                  <\/div>\n                <\/div>\n                <div data-colibri-id=\"31227-c11\" class=\"h-global-transition-all h-heading style-6035 style-local-31227-c11 position-relative h-element\">\n                  <!---->\n                  <div class=\"h-heading__outer style-6035 style-local-31227-c11\">\n                    <!---->\n                    <!---->\n                    <h5 class=\"\">Atsakingas skyrius<\/h5>\n                  <\/div>\n                <\/div>\n                <div data-colibri-id=\"31227-c14\" class=\"h-text h-text-component style-6038 style-local-31227-c14 position-relative h-element\">\n                  <!---->\n                  <!---->\n                  <div class=\"\">\n                    <p>U\u017e \u012fstaigos vidinio kanalo administravim\u0105 atsakingas padalinys \u2013 Vilniaus miesto savivaldyb\u0117s administracijos Atitikties ir atsparumo skyrius.<\/p>\n                    <p>\n                      <br>\n                    <\/p>\n                  <\/div>\n                <\/div>\n              <\/div>\n            <\/div>\n          <\/div>\n        <\/div>\n      <\/div>\n    <\/div>\n  <\/div>\n<\/div>","protected":false},"excerpt":{"rendered":"<p>Prane\u0161imus apie pa\u017eeidimus Savivaldyb\u0117s vidiniu kanalu gali pateikti asmenys, su\u017einoj\u0119 apie pa\u017eeidim\u0105 \u012fstaigoje i\u0161 savo turim\u0173 ar tur\u0117t\u0173 darbo ar sutartini\u0173 (konsultavimo, rangos, subrangos, sta\u017euot\u0117s, praktikos, savanori\u0161kos veiklos ir pan.) Santyki\u0173 su \u0161ia \u012fstaiga arba \u012fdarbinimo ar kit\u0173 ikisutartini\u0173 santyki\u0173 metu, taip pat informacij\u0105 apie pa\u017eeidim\u0105 pateikiantis savaranki\u0161kai dirban\u010dio asmens status\u0105 turintis asmuo, akcininkas ar [&hellip;]<\/p>\n","protected":false},"author":1,"featured_media":0,"parent":0,"menu_order":0,"comment_status":"closed","ping_status":"closed","template":"page-templates\/full-width-page.php","meta":{"footnotes":""},"class_list":["post-31227","page","type-page","status-publish","hentry"],"_links":{"self":[{"href":"http:\/\/www.basanaviciaus.vilnius.lm.lt\/index.php?rest_route=\/wp\/v2\/pages\/31227","targetHints":{"allow":["GET"]}}],"collection":[{"href":"http:\/\/www.basanaviciaus.vilnius.lm.lt\/index.php?rest_route=\/wp\/v2\/pages"}],"about":[{"href":"http:\/\/www.basanaviciaus.vilnius.lm.lt\/index.php?rest_route=\/wp\/v2\/types\/page"}],"author":[{"embeddable":true,"href":"http:\/\/www.basanaviciaus.vilnius.lm.lt\/index.php?rest_route=\/wp\/v2\/users\/1"}],"replies":[{"embeddable":true,"href":"http:\/\/www.basanaviciaus.vilnius.lm.lt\/index.php?rest_route=%2Fwp%2Fv2%2Fcomments&post=31227"}],"version-history":[{"count":7,"href":"http:\/\/www.basanaviciaus.vilnius.lm.lt\/index.php?rest_route=\/wp\/v2\/pages\/31227\/revisions"}],"predecessor-version":[{"id":32526,"href":"http:\/\/www.basanaviciaus.vilnius.lm.lt\/index.php?rest_route=\/wp\/v2\/pages\/31227\/revisions\/32526"}],"wp:attachment":[{"href":"http:\/\/www.basanaviciaus.vilnius.lm.lt\/index.php?rest_route=%2Fwp%2Fv2%2Fmedia&parent=31227"}],"curies":[{"name":"wp","href":"https:\/\/api.w.org\/{rel}","templated":true}]}}

Savivaldybės vidinis informacijos apie pažeidimus teikimo kanalas

<div data-colibri-id="31227-c1" class="style-6025 style-local-31227-c1 position-relative">
  <!---->
  <div data-colibri-component="section" data-colibri-id="31227-c6" id="custom" class="h-section h-section-global-spacing d-flex align-items-lg-center align-items-md-center align-items-center style-6030 style-local-31227-c6 position-relative">
    <!---->
    <!---->
    <div class="h-section-grid-container h-section-boxed-container">
      <!---->
      <div data-colibri-id="31227-c7" class="h-row-container gutters-row-lg-2 gutters-row-md-2 gutters-row-0 gutters-row-v-lg-2 gutters-row-v-md-2 gutters-row-v-2 style-6031 style-local-31227-c7 position-relative">
        <!---->
        <div class="h-row justify-content-lg-center justify-content-md-center justify-content-center align-items-lg-stretch align-items-md-stretch align-items-stretch gutters-col-lg-2 gutters-col-md-2 gutters-col-0 gutters-col-v-lg-2 gutters-col-v-md-2 gutters-col-v-2">
          <!---->
          <div class="h-column h-column-container d-flex h-col-lg-auto h-col-md-auto h-col-auto style-6032-outer style-local-31227-c8-outer">
            <div data-colibri-id="31227-c8" class="d-flex h-flex-basis h-column__inner h-px-lg-2 h-px-md-2 h-px-2 v-inner-lg-2 v-inner-md-2 v-inner-2 style-6032 style-local-31227-c8 position-relative">
              <!---->
              <!---->
              <div class="w-100 h-y-container h-column__content h-column__v-align flex-basis-100 align-self-lg-start align-self-md-start align-self-start">
                <!---->
                <div data-colibri-id="31227-c9" class="h-global-transition-all h-heading style-6033 style-local-31227-c9 position-relative h-element">
                  <!---->
                  <div class="h-heading__outer style-6033 style-local-31227-c9">
                    <!---->
                    <!---->
                    <h4 class="">Pranešimus apie pažeidimus Savivaldybės vidiniu kanalu gali pateikti asmenys, sužinoję apie pažeidimą įstaigoje iš savo turimų ar turėtų darbo ar sutartinių (konsultavimo, rangos, subrangos, stažuotės, praktikos, savanoriškos veiklos
                      ir pan.)</h4>
                  </div>
                </div>
                <div data-colibri-id="31227-c10" class="h-text h-text-component style-6034 style-local-31227-c10 position-relative h-element">
                  <!---->
                  <!---->
                  <div class="">
                    <p>Santykių su šia įstaiga arba įdarbinimo ar kitų ikisutartinių santykių metu, taip pat informaciją apie pažeidimą pateikiantis savarankiškai dirbančio asmens statusą turintis asmuo, akcininkas ar asmuo, priklausantis įmonės administraciniam,
                      valdymo ar priežiūros organui (įskaitant vykdomųjų galių neturinčius narius, taip pat savanorius ir apmokamus ar neapmokamus stažuotojus), arba bet kuris fizinis asmuo, dirbantis prižiūrint ir vadovaujant rangovams, subrangovams
                      ir (ar) tiekėjams.</p>
                    <p>
                      <a href="https://vilnius.lt/savivaldybe/savivaldybes-vidinis-kanalas/savivaldybes-vidinis-informacijos-apie-pazeidimus-teikimo-kanalas-vidinis-kanalas" target="_blank" class="customize-unpreviewable" style="font-family: Roboto, sans-serif; font-size: 15px; font-weight: 400; color: rgb(45, 49, 101);" rel="noopener noreferrer">Savivaldybės vidinis kanalas</a>
                    </p>
                  </div>
                </div>
                <div data-colibri-id="31227-c12" class="h-global-transition-all h-heading style-6036 style-local-31227-c12 position-relative h-element">
                  <!---->
                  <div class="h-heading__outer style-6036 style-local-31227-c12">
                    <!---->
                    <!---->
                    <h5 class="">Dėmesio!</h5>
                  </div>
                </div>
                <div data-colibri-id="31227-c13" class="h-text h-text-component style-6037 style-local-31227-c13 position-relative h-element">
                  <!---->
                  <!---->
                  <div class="">
                    <p>Informacija apie pažeidimus teikiama siekiant apsaugoti viešąjį interesą. informacijos pateikimas siekiant apginti išskirtinai asmeninius interesus nelaikomas pranešimu, nagrinėjamu pagal įstatymą</p>
                  </div>
                </div>
                <div data-colibri-id="31227-c11" class="h-global-transition-all h-heading style-6035 style-local-31227-c11 position-relative h-element">
                  <!---->
                  <div class="h-heading__outer style-6035 style-local-31227-c11">
                    <!---->
                    <!---->
                    <h5 class="">Atsakingas skyrius</h5>
                  </div>
                </div>
                <div data-colibri-id="31227-c14" class="h-text h-text-component style-6038 style-local-31227-c14 position-relative h-element">
                  <!---->
                  <!---->
                  <div class="">
                    <p>Už įstaigos vidinio kanalo administravimą atsakingas padalinys – Vilniaus miesto savivaldybės administracijos Atitikties ir atsparumo skyrius.</p>
                    <p>
                      <br>
                    </p>
                  </div>
                </div>
              </div>
            </div>
          </div>
        </div>
      </div>
    </div>
  </div>
</div>

<p>Pranešimus apie pažeidimus Savivaldybės vidiniu kanalu gali pateikti asmenys, sužinoję apie pažeidimą įstaigoje iš savo turimų ar turėtų darbo ar sutartinių (konsultavimo, rangos, subrangos, stažuotės, praktikos, savanoriškos veiklos ir pan.) Santykių su šia įstaiga arba įdarbinimo ar kitų ikisutartinių santykių metu, taip pat informaciją apie pažeidimą pateikiantis savarankiškai dirbančio asmens statusą turintis asmuo, akcininkas ar [&hellip;]</p>
