{"id":338,"date":"2013-02-06T19:16:11","date_gmt":"2013-02-06T17:16:11","guid":{"rendered":"http:\/\/www2086.vu.lt\/?page_id=338"},"modified":"2014-05-28T19:13:50","modified_gmt":"2014-05-28T16:13:50","slug":"comenius-daugiasales-mokyklu-partnerystes-projektas-skirtingi-bet-lygiateisiai-europoje","status":"publish","type":"page","link":"http:\/\/www.basanaviciaus.vilnius.lm.lt\/?page_id=338","title":{"rendered":"COMENIUS DAUGIA\u0160AL\u0116S MOKYKL\u0172 PARTNERYST\u0116S PROJEKTAS \u201eSKIRTINGI, BET LYGIATEISIAI EUROPOJE\u201c"},"content":{"rendered":"<p>\n\t<br \/>\n\t[singlepic id=466 w=50 h=50 float=]<strong><span style=\"color:#696969;\">C<span style=\"font-size:12px;\"><span style=\"font-family:times new roman,times,serif;\">omenius daugia&scaron;al\u0117s mokykl\u0173 partneryst\u0117s projektas &bdquo;Skirtingi, bet lygiateisiai Europoje&ldquo;<\/span><\/span><\/span><\/strong>\n<\/p>\n<p>\n\t<span style=\"font-family: 'times new roman', times, serif; font-size: 12px; color: rgb(105, 105, 105); line-height: 1.6em;\">Vilniaus Jono Basanavi\u010diaus gimnazija kartu su Rumunijos T&acirc;rgovi\u015fte Grupul Acolar &bdquo;Voievodul Mircea&ldquo;, Turkijos Kocaeli &bdquo;Karam&uuml;rsel 100. y\u0131l Teknik ve End&uuml;stri Meslek Lisesi&ldquo; Portugalijos Viana do Castelo &bdquo;Escola Secundariade Santa Maria Maior&ldquo;, Italijos Carini &bdquo;Instituto d<\/span><sup style=\"font-family: 'times new roman', times, serif; color: rgb(105, 105, 105); line-height: 1.6em;\">,<\/sup><span style=\"font-family: 'times new roman', times, serif; font-size: 12px; color: rgb(105, 105, 105); line-height: 1.6em;\">Instruzione Secondaria Superiore Ugo Mursia&ldquo;, Graikijos Aigaleo &bdquo;Evening High School of Aigaleo&ldquo;,&nbsp; Pranc\u016bzijos Maubeuge &bdquo;Lycee Pierre Forest&ldquo; mokyklomis nuo 2012 m rugs\u0117jo m\u0117n. dalyvauja dviej\u0173 met\u0173 Comenius daugia&scaron;al\u0117s mokykl\u0173 partneryst\u0117s projekte &bdquo;Skirtingi, bet lygiateisiai Europoje&ldquo;.<\/span>\n<\/p>\n<p>\n\t<span style=\"color:#696969;\"><span style=\"font-size:12px;\"><span style=\"font-family:times new roman,times,serif;\">Projektas skirtas skatinti mokykl\u0173 bendradarbiavim\u0105, siekiant suvienyti bendrai veiklai mokymo institucijas i&scaron; Mokymosi vis\u0105 gyvenim\u0105 programoje dalyvaujan\u010di\u0173 &scaron;ali\u0173. Projekto \u012fgyvendinimo metu, bendradarbiaudami su kolegomis i&scaron; kit\u0173 &scaron;ali\u0173, pedagogai ir mokiniai tur\u0117s galimyb\u0119 pa\u017einti kitas kult\u016bras, tobulinti u\u017esienio kalb\u0173 \u017einias, pasidalinti patirtimi, naujovi&scaron;komis mokymo praktikomis.<\/span><\/span><\/span>\n<\/p>\n<p align=\"right\">\n\t<span style=\"color:#696969;\"><span style=\"font-size:12px;\"><span style=\"font-family:times new roman,times,serif;\">Projekto koordinatorius Lietuvoje<span style=\"line-height: 1.6em;\">&nbsp;<strong>Janis Ramonas<\/strong><\/span><\/span><\/span><\/span>\n<\/p>\n<p align=\"right\">\n\t<span style=\"color:#696969;\"><span style=\"font-size:12px;\"><span style=\"font-family:times new roman,times,serif;\">Direktor\u0117s pavaduotoja ugdymui&nbsp;<strong><span style=\"line-height: 1.6em;\">Inga Vargalien\u0117<\/span><\/strong><\/span><\/span><\/span>\n<\/p>\n<p>\n\t<span style=\"color:#0000CD;\"><a href=\"http:\/\/www.basanaviciaus.vilnius.lm.lt\/?page_id=1440\"><span style=\"font-size:12px;\"><span style=\"font-family:times new roman,times,serif;\"><span style=\"line-height: 1.6em;\">Projekto&nbsp;<\/span><\/span><\/span><span style=\"font-family: 'times new roman', times, serif; line-height: 19.1875px;\">&bdquo;Skirtingi, bet lygiateisiai Europoje&ldquo; dalyvi\u0173 susitikimas&nbsp;Vilniuje 2012-11-(26-27)<\/span><\/a><\/span>\n<\/p>\n<p>\n\t<a href=\"http:\/\/www.basanaviciaus.vilnius.lm.lt\/?page_id=1446\"><span style=\"color:#0000CD;\"><span style=\"font-size: 13px;\"><span style=\"font-size: 12px;\"><span style=\"font-family: 'times new roman', times, serif;\"><span style=\"line-height: 1.6em;\">Projekto&nbsp;<\/span><\/span><\/span><\/span><span style=\"font-size: 13px; font-family: 'times new roman', times, serif; line-height: 19.1875px;\">&bdquo;Skirtingi, bet lygiateisiai Europoje&ldquo; dalyvi\u0173 susitikimas&nbsp;Turkijoje 2013-02-(12-16)<\/span><\/span><\/a>\n<\/p>\n<p>\n\t<span style=\"color:#0000CD;\"><span style=\"font-size: 13px;\"><span style=\"font-size: 12px;\"><span style=\"font-family: 'times new roman', times, serif;\"><span style=\"line-height: 1.6em;\">Projekto&nbsp;<\/span><\/span><\/span><\/span><span style=\"font-size: 13px; font-family: 'times new roman', times, serif; line-height: 19.1875px;\">&bdquo;Skirtingi, bet lygiateisiai Europoje&ldquo; dalyvi\u0173 susitikimas&nbsp;Portugalijoje 2013-04-(15-19)<\/span><\/span>\n<\/p>\n<p>\n\t<a href=\"http:\/\/www.basanaviciaus.vilnius.lm.lt\/?page_id=2859\"><span style=\"font-size:12px;\"><span style=\"font-family:times new roman,times,serif;\">Projekto&nbsp;&bdquo;Skirtingi, bet lygiateisiai Europoje&ldquo; dalyvi\u0173 susitikimas&nbsp;Pranc\u016bzijoje&nbsp;2013-09-22-25<\/span><\/span><\/a>\n<\/p>\n<p>\n\t<a href=\"http:\/\/www.basanaviciaus.vilnius.lm.lt\/?page_id=2858\"><span style=\"font-size:12px;\"><span style=\"font-family:times new roman,times,serif;\">Projekto&nbsp;&bdquo;Skirtingi, bet lygiateisiai Europoje&ldquo; dalyvi\u0173 susitikimas&nbsp;Graikijoje 2013-10.30-11.02<\/span><\/span><\/a>\n<\/p>\n<p>\n\t<a href=\"http:\/\/www.basanaviciaus.vilnius.lm.lt\/?page_id=3421\"><span style=\"font-size:12px;\"><span style=\"font-family:times new roman,times,serif;\">Projekto&nbsp;&bdquo;Skirtingi, bet lygiateisiai Europoje&ldquo; dalyvi\u0173 susitikimas&nbsp;Italijoje&nbsp;2014-03-18-22<\/span><\/span><\/a>\n<\/p>\n<p>\n\t<a href=\"http:\/\/www.basanaviciaus.vilnius.lm.lt\/?page_id=3414\"><span style=\"font-size:12px;\"><span style=\"font-family:times new roman,times,serif;\">Projekto&nbsp;&bdquo;Skirtingi, bet lygiateisiai Europoje&ldquo; dalyvi\u0173 susitikimas&nbsp;Rumunijoje 2014-04-26-30<\/span><\/span><\/a>\n<\/p>\n<p>\n\t&nbsp;\n<\/p>\n<p style=\"color: rgb(17, 48, 64); font-family: 'Lucida Grande', 'Lucida Sans Unicode', Arial, Helvetica, sans-serif; line-height: normal;\">\n\t&nbsp;<\/p>\n","protected":false},"excerpt":{"rendered":"<p>[singlepic id=466 w=50 h=50 float=]Comenius daugia&scaron;al\u0117s mokykl\u0173 partneryst\u0117s projektas &bdquo;Skirtingi, bet lygiateisiai Europoje&ldquo; Vilniaus Jono Basanavi\u010diaus gimnazija kartu su Rumunijos T&acirc;rgovi\u015fte Grupul Acolar &bdquo;Voievodul Mircea&ldquo;, Turkijos Kocaeli &bdquo;Karam&uuml;rsel 100. y\u0131l Teknik ve End&uuml;stri Meslek Lisesi&ldquo; Portugalijos Viana do Castelo &bdquo;Escola Secundariade Santa Maria Maior&ldquo;, Italijos Carini &bdquo;Instituto d,Instruzione Secondaria Superiore Ugo Mursia&ldquo;, Graikijos Aigaleo &bdquo;Evening [&hellip;]<\/p>\n","protected":false},"author":1,"featured_media":0,"parent":190,"menu_order":0,"comment_status":"closed","ping_status":"closed","template":"","meta":{"footnotes":""},"class_list":["post-338","page","type-page","status-publish","hentry"],"_links":{"self":[{"href":"http:\/\/www.basanaviciaus.vilnius.lm.lt\/index.php?rest_route=\/wp\/v2\/pages\/338","targetHints":{"allow":["GET"]}}],"collection":[{"href":"http:\/\/www.basanaviciaus.vilnius.lm.lt\/index.php?rest_route=\/wp\/v2\/pages"}],"about":[{"href":"http:\/\/www.basanaviciaus.vilnius.lm.lt\/index.php?rest_route=\/wp\/v2\/types\/page"}],"author":[{"embeddable":true,"href":"http:\/\/www.basanaviciaus.vilnius.lm.lt\/index.php?rest_route=\/wp\/v2\/users\/1"}],"replies":[{"embeddable":true,"href":"http:\/\/www.basanaviciaus.vilnius.lm.lt\/index.php?rest_route=%2Fwp%2Fv2%2Fcomments&post=338"}],"version-history":[{"count":15,"href":"http:\/\/www.basanaviciaus.vilnius.lm.lt\/index.php?rest_route=\/wp\/v2\/pages\/338\/revisions"}],"predecessor-version":[{"id":1439,"href":"http:\/\/www.basanaviciaus.vilnius.lm.lt\/index.php?rest_route=\/wp\/v2\/pages\/338\/revisions\/1439"}],"up":[{"embeddable":true,"href":"http:\/\/www.basanaviciaus.vilnius.lm.lt\/index.php?rest_route=\/wp\/v2\/pages\/190"}],"wp:attachment":[{"href":"http:\/\/www.basanaviciaus.vilnius.lm.lt\/index.php?rest_route=%2Fwp%2Fv2%2Fmedia&parent=338"}],"curies":[{"name":"wp","href":"https:\/\/api.w.org\/{rel}","templated":true}]}}

COMENIUS DAUGIAŠALĖS MOKYKLŲ PARTNERYSTĖS PROJEKTAS „SKIRTINGI, BET LYGIATEISIAI EUROPOJE“

<p>
	<br />
	[singlepic id=466 w=50 h=50 float=]<strong><span style="color:#696969;">C<span style="font-size:12px;"><span style="font-family:times new roman,times,serif;">omenius daugia&scaron;alės mokyklų partnerystės projektas &bdquo;Skirtingi, bet lygiateisiai Europoje&ldquo;</span></span></span></strong>
</p>
<p>
	<span style="font-family: 'times new roman', times, serif; font-size: 12px; color: rgb(105, 105, 105); line-height: 1.6em;">Vilniaus Jono Basanavičiaus gimnazija kartu su Rumunijos T&acirc;rgovişte Grupul Acolar &bdquo;Voievodul Mircea&ldquo;, Turkijos Kocaeli &bdquo;Karam&uuml;rsel 100. yıl Teknik ve End&uuml;stri Meslek Lisesi&ldquo; Portugalijos Viana do Castelo &bdquo;Escola Secundariade Santa Maria Maior&ldquo;, Italijos Carini &bdquo;Instituto d</span><sup style="font-family: 'times new roman', times, serif; color: rgb(105, 105, 105); line-height: 1.6em;">,</sup><span style="font-family: 'times new roman', times, serif; font-size: 12px; color: rgb(105, 105, 105); line-height: 1.6em;">Instruzione Secondaria Superiore Ugo Mursia&ldquo;, Graikijos Aigaleo &bdquo;Evening High School of Aigaleo&ldquo;,&nbsp; Prancūzijos Maubeuge &bdquo;Lycee Pierre Forest&ldquo; mokyklomis nuo 2012 m rugsėjo mėn. dalyvauja dviejų metų Comenius daugia&scaron;alės mokyklų partnerystės projekte &bdquo;Skirtingi, bet lygiateisiai Europoje&ldquo;.</span>
</p>
<p>
	<span style="color:#696969;"><span style="font-size:12px;"><span style="font-family:times new roman,times,serif;">Projektas skirtas skatinti mokyklų bendradarbiavimą, siekiant suvienyti bendrai veiklai mokymo institucijas i&scaron; Mokymosi visą gyvenimą programoje dalyvaujančių &scaron;alių. Projekto įgyvendinimo metu, bendradarbiaudami su kolegomis i&scaron; kitų &scaron;alių, pedagogai ir mokiniai turės galimybę pažinti kitas kultūras, tobulinti užsienio kalbų žinias, pasidalinti patirtimi, naujovi&scaron;komis mokymo praktikomis.</span></span></span>
</p>
<p align="right">
	<span style="color:#696969;"><span style="font-size:12px;"><span style="font-family:times new roman,times,serif;">Projekto koordinatorius Lietuvoje<span style="line-height: 1.6em;">&nbsp;<strong>Janis Ramonas</strong></span></span></span></span>
</p>
<p align="right">
	<span style="color:#696969;"><span style="font-size:12px;"><span style="font-family:times new roman,times,serif;">Direktorės pavaduotoja ugdymui&nbsp;<strong><span style="line-height: 1.6em;">Inga Vargalienė</span></strong></span></span></span>
</p>
<p>
	<span style="color:#0000CD;"><a href="http://www.basanaviciaus.vilnius.lm.lt/?page_id=1440"><span style="font-size:12px;"><span style="font-family:times new roman,times,serif;"><span style="line-height: 1.6em;">Projekto&nbsp;</span></span></span><span style="font-family: 'times new roman', times, serif; line-height: 19.1875px;">&bdquo;Skirtingi, bet lygiateisiai Europoje&ldquo; dalyvių susitikimas&nbsp;Vilniuje 2012-11-(26-27)</span></a></span>
</p>
<p>
	<a href="http://www.basanaviciaus.vilnius.lm.lt/?page_id=1446"><span style="color:#0000CD;"><span style="font-size: 13px;"><span style="font-size: 12px;"><span style="font-family: 'times new roman', times, serif;"><span style="line-height: 1.6em;">Projekto&nbsp;</span></span></span></span><span style="font-size: 13px; font-family: 'times new roman', times, serif; line-height: 19.1875px;">&bdquo;Skirtingi, bet lygiateisiai Europoje&ldquo; dalyvių susitikimas&nbsp;Turkijoje 2013-02-(12-16)</span></span></a>
</p>
<p>
	<span style="color:#0000CD;"><span style="font-size: 13px;"><span style="font-size: 12px;"><span style="font-family: 'times new roman', times, serif;"><span style="line-height: 1.6em;">Projekto&nbsp;</span></span></span></span><span style="font-size: 13px; font-family: 'times new roman', times, serif; line-height: 19.1875px;">&bdquo;Skirtingi, bet lygiateisiai Europoje&ldquo; dalyvių susitikimas&nbsp;Portugalijoje 2013-04-(15-19)</span></span>
</p>
<p>
	<a href="http://www.basanaviciaus.vilnius.lm.lt/?page_id=2859"><span style="font-size:12px;"><span style="font-family:times new roman,times,serif;">Projekto&nbsp;&bdquo;Skirtingi, bet lygiateisiai Europoje&ldquo; dalyvių susitikimas&nbsp;Prancūzijoje&nbsp;2013-09-22-25</span></span></a>
</p>
<p>
	<a href="http://www.basanaviciaus.vilnius.lm.lt/?page_id=2858"><span style="font-size:12px;"><span style="font-family:times new roman,times,serif;">Projekto&nbsp;&bdquo;Skirtingi, bet lygiateisiai Europoje&ldquo; dalyvių susitikimas&nbsp;Graikijoje 2013-10.30-11.02</span></span></a>
</p>
<p>
	<a href="http://www.basanaviciaus.vilnius.lm.lt/?page_id=3421"><span style="font-size:12px;"><span style="font-family:times new roman,times,serif;">Projekto&nbsp;&bdquo;Skirtingi, bet lygiateisiai Europoje&ldquo; dalyvių susitikimas&nbsp;Italijoje&nbsp;2014-03-18-22</span></span></a>
</p>
<p>
	<a href="http://www.basanaviciaus.vilnius.lm.lt/?page_id=3414"><span style="font-size:12px;"><span style="font-family:times new roman,times,serif;">Projekto&nbsp;&bdquo;Skirtingi, bet lygiateisiai Europoje&ldquo; dalyvių susitikimas&nbsp;Rumunijoje 2014-04-26-30</span></span></a>
</p>
<p>
	&nbsp;
</p>
<p style="color: rgb(17, 48, 64); font-family: 'Lucida Grande', 'Lucida Sans Unicode', Arial, Helvetica, sans-serif; line-height: normal;">
	&nbsp;</p>

<p>[singlepic id=466 w=50 h=50 float=]Comenius daugia&scaron;alės mokyklų partnerystės projektas &bdquo;Skirtingi, bet lygiateisiai Europoje&ldquo; Vilniaus Jono Basanavičiaus gimnazija kartu su Rumunijos T&acirc;rgovişte Grupul Acolar &bdquo;Voievodul Mircea&ldquo;, Turkijos Kocaeli &bdquo;Karam&uuml;rsel 100. yıl Teknik ve End&uuml;stri Meslek Lisesi&ldquo; Portugalijos Viana do Castelo &bdquo;Escola Secundariade Santa Maria Maior&ldquo;, Italijos Carini &bdquo;Instituto d,Instruzione Secondaria Superiore Ugo Mursia&ldquo;, Graikijos Aigaleo &bdquo;Evening [&hellip;]</p>
